000
CXUS55 KEAX 260736
CF6DMO
PRELIMINARY LOCAL CLIMATOLOGICAL DATA (WS FORM: F-6)

                                          STATION:   SEDALIA MO
                                          MONTH:     APRIL
                                          YEAR:      2015
                                          LATITUDE:   38 42 N
                                          LONGITUDE:  93  6 W

  TEMPERATURE IN F:       :PCPN:    SNOW:  WIND      :SUNSHINE: SKY     :PK WND
================================================================================
1   2   3   4   5  6A  6B    7    8   9   10  11  12  13   14  15   16   17  18
                                     12Z  AVG MX 2MIN
DY MAX MIN AVG DEP HDD CDD  WTR  SNW DPTH SPD SPD DIR MIN PSBL S-S WX    SPD DR
================================================================================

 1  80  49  65  13   0   0 0.18    M    M 15.0 24 160   0    0   0        33 170
 2  71  54  63  11   2   0 1.06    M    M  9.3 30 340   M    M  10 1      36 350
 3  54  38  46  -7  19   0 0.23    M    M 15.7 32 300   M    M   6        44 300
 4  61  31  46  -7  19   0 0.00    M    M  7.7 15 220   M    M   0        21 210
 5  67  41  54   1  11   0 0.00    M    M 12.6 23 170   M    M   4        31 210
 6  65  50  58   4   7   0 0.00    M    M  9.8 17 180   M    M  10 18     21 180
 7  83  61  72  18   0   7 0.01    M    M 10.7 22 210   M    M   5 1      27 210
 8  84  58  71  17   0   6 0.23    M    M 10.2 31 260   M    M   4 128    46 250
 9  81  43  62   7   3   0 0.03    M    M 19.1 36 290   M    M   4        44 280
10  69  40  55   0  10   0 0.00    M    M 10.2 21 300   M    M   0        26 300
11  73  45  59   4   6   0 0.00    M    M  8.4 17 220   M    M   2        21 170
12  73  53  63   7   2   0 0.33    M    M 10.7 36 150   M    M   8 1      44 150
13  69  54  62   6   3   0 0.29    M    M 10.3 33 320   M    M   3 1      42 330
14  70  51  61   5   4   0    T    M    M  9.5 22  70   M    M   3        27  70
15  61  52  57   0   8   0 0.09    M    M  4.6 17 110   M    M  10        21 110
16  76  52  64   7   1   0 0.00    M    M  1.7  8  70   M    M   2 1      12 240
17  81  54  68  11   0   3 0.00    M    M  4.8 13 100   M    M   2        17 110
18  72  57  65   7   0   0 0.92    M    M  5.3 16 260   M    M   5 12     21 270
19  70  51  61   3   4   0 0.29    M    M 10.6 29 290   M    M   8 12     36 290
20  59  46  53  -5  12   0 0.00    M    M 13.8 25 280   M    M   4        34 300
21  68  44  56  -2   9   0    T    M    M  9.9 21  10   M    M   2        27  10
22  58  39  49 -10  16   0    T    M    M  7.6 21 350   M    M   1        23 350
23  67  40  54  -5  11   0 0.00    M    M  5.8 13 100   M    M   1        16 100
24  65  52  59   0   6   0 0.02    M    M 12.1 25 170   M    M   6        33 160
25  72  50  61   1   4   0 0.14    M    M 12.8 22 340   M    M   9 18     27 280
================================================================================
SM 1749 1205       157  16  3.82    M    248.2            0    109
================================================================================
AV 70.0 48.2                               9.9 FASTST    0   0   4    MAX(MPH)
                                 MISC ---->  # 36 290               # 46  250
================================================================================
NOTES:
# LAST OF SEVERAL OCCURRENCES

COLUMN 17 PEAK WIND IN M.P.H.

PRELIMINARY LOCAL CLIMATOLOGICAL DATA (WS FORM: F-6) , PAGE 2

                                          STATION:  SEDALIA MO
                                          MONTH:    APRIL
                                          YEAR:     2015
                                          LATITUDE:   38 42 N
                                          LONGITUDE:  93  6 W

[TEMPERATURE DATA]      [PRECIPITATION DATA]       SYMBOLS USED IN COLUMN 16

AVERAGE MONTHLY: 59.1   TOTAL FOR MONTH:   3.82    1 = FOG OR MIST
DPTR FM NORMAL:   3.2   DPTR FM NORMAL:    0.53    2 = FOG REDUCING VISIBILITY
HIGHEST:    84 ON  8    GRTST 24HR  1.28 ON  2- 3      TO 1/4 MILE OR LESS
LOWEST:     31 ON  4                               3 = THUNDER
                        SNOW, ICE PELLETS, HAIL    4 = ICE PELLETS
                        TOTAL MONTH:    M          5 = HAIL
                        GRTST 24HR    M  ON   M    6 = FREEZING RAIN OR DRIZZLE
                        GRTST DEPTH:  M  ON   M    7 = DUSTSTORM OR SANDSTORM:
                                                       VSBY 1/2 MILE OR LESS
                                                   8 = SMOKE OR HAZE
[NO. OF DAYS WITH]      [WEATHER - DAYS WITH]      9 = BLOWING SNOW
                                                   X = TORNADO
MAX 32 OR BELOW:   0    0.01 INCH OR MORE:  13
MAX 90 OR ABOVE:   0    0.10 INCH OR MORE:   9
MIN 32 OR BELOW:   1    0.50 INCH OR MORE:   2
MIN  0 OR BELOW:   0    1.00 INCH OR MORE:   1

[HDD (BASE 65) ]
TOTAL THIS MO.   157    CLEAR  (SCALE 0-3)  10
DPTR FM NORMAL   -94    PTCLDY (SCALE 4-7)  10
TOTAL FM JUL 1  4545    CLOUDY (SCALE 8-10)  5
DPTR FM NORMAL    92

[CDD (BASE 65) ]
TOTAL THIS MO.    16
DPTR FM NORMAL    -8    [PRESSURE DATA]
TOTAL FM JAN 1    17    HIGHEST SLP  0.00 ON M
DPTR FM NORMAL   -10    LOWEST  SLP  0.00 ON M

[REMARKS]
