000
CXUS56 KLKN 181009
CF6ELY
PRELIMINARY LOCAL CLIMATOLOGICAL DATA (WS FORM: F-6)

                                          STATION:   ELY AIRPORT NV
                                          MONTH:     APRIL
                                          YEAR:      2015
                                          LATITUDE:   39 16 N
                                          LONGITUDE: 114 51 W

  TEMPERATURE IN F:       :PCPN:    SNOW:  WIND      :SUNSHINE: SKY     :PK WND
================================================================================
1   2   3   4   5  6A  6B    7    8   9   10  11  12  13   14  15   16   17  18
                                     12Z  AVG MX 2MIN
DY MAX MIN AVG DEP HDD CDD  WTR  SNW DPTH SPD SPD DIR MIN PSBL S-S WX    SPD DR
================================================================================

 1  57  25  41   2  24   0    T    T    0 11.7 24 350   M    M   2 1      30 350
 2  47  15  31  -8  34   0 0.01  0.8    1 11.2 22  20   M    M   3 1      28  20
 3  55   7  31  -9  34   0 0.00  0.0    0  9.4 17 160   M    M   0        22 140
 4  63  19  41   1  24   0 0.00  0.0    0 13.3 26 190   M    M   0 8      33 190
 5  63  38  51  11  14   0 0.00  0.0    0 18.4 33 190   M    M   1 8      47 190
 6  54  34  44   4  21   0 0.00  0.0    0 11.6 24  30   M    M   3        30  20
 7  56  25  41   1  24   0 0.14  1.8    0 15.1 40 170   M    M   6 18     52 220
 8  40  24  32  -9  33   0 0.07  1.0    3  7.4 17 300   M    M   9 1      22 280
 9  56  18  37  -4  28   0 0.00  0.0    0  6.2 14 170   M    M   0        20 150
10  64  22  43   2  22   0 0.00  0.0    0  8.6 18 230   M    M   1        22 170
11  64  24  44   3  21   0 0.00  0.0    0  9.1 21 280   M    M   1        25 200
12  64  28  46   5  19   0 0.00  0.0    0  8.1 18 280   M    M   0        24 270
13  72  24  48   6  17   0 0.00  0.0    0 12.7 25 180   M    M   0 8      32 200
14  61  19  40  -2  25   0    T  0.1    0 20.4 41 290   M    M   4 18     55 210
15  41  20  31 -11  34   0 0.00  0.0    0 16.5 26 310   M    M   4        38 320
16  53  23  38  -4  27   0 0.00  0.0    0 11.8 26 330   M    M   2        41 330
17  64  17  41  -2  24   0 0.00  0.0    0 10.6 24 330   M    M   0        32  20
================================================================================
SM  974  382       425   0  0.22     3.7 202.1          M       36
================================================================================
AV 57.3 22.5                              11.9 FASTST   M    M   2    MAX(MPH)
                                 MISC ---->  # 41 290               # 55  210
================================================================================
NOTES:
# LAST OF SEVERAL OCCURRENCES

COLUMN 17 PEAK WIND IN M.P.H.

PRELIMINARY LOCAL CLIMATOLOGICAL DATA (WS FORM: F-6) , PAGE 2

                                          STATION:  ELY AIRPORT NV
                                          MONTH:    APRIL
                                          YEAR:     2015
                                          LATITUDE:   39 16 N
                                          LONGITUDE: 114 51 W

[TEMPERATURE DATA]      [PRECIPITATION DATA]       SYMBOLS USED IN COLUMN 16

AVERAGE MONTHLY: 39.9   TOTAL FOR MONTH:   0.22    1 = FOG OR MIST
DPTR FM NORMAL:  -0.9   DPTR FM NORMAL:   -0.31    2 = FOG REDUCING VISIBILITY
HIGHEST:    72 ON 13    GRTST 24HR  0.14 ON  7- 7      TO 1/4 MILE OR LESS
LOWEST:      7 ON  3                               3 = THUNDER
                        SNOW, ICE PELLETS, HAIL    4 = ICE PELLETS
                        TOTAL MONTH:   3.7 INCHES  5 = HAIL
                        GRTST 24HR   1.8 ON   M    6 = FREEZING RAIN OR DRIZZLE
                        GRTST DEPTH:   3 ON  8     7 = DUSTSTORM OR SANDSTORM:
                                                       VSBY 1/2 MILE OR LESS
                                                   8 = SMOKE OR HAZE
[NO. OF DAYS WITH]      [WEATHER - DAYS WITH]      9 = BLOWING SNOW
                                                   X = TORNADO
MAX 32 OR BELOW:   0    0.01 INCH OR MORE:   3
MAX 90 OR ABOVE:   0    0.10 INCH OR MORE:   1
MIN 32 OR BELOW:  15    0.50 INCH OR MORE:   0
MIN  0 OR BELOW:   0    1.00 INCH OR MORE:   0

[HDD (BASE 65) ]
TOTAL THIS MO.   425    CLEAR  (SCALE 0-3)  12
DPTR FM NORMAL    14    PTCLDY (SCALE 4-7)   4
TOTAL FM JUL 1  5364    CLOUDY (SCALE 8-10)  1
DPTR FM NORMAL -1274

[CDD (BASE 65) ]
TOTAL THIS MO.     0
DPTR FM NORMAL     0    [PRESSURE DATA]
TOTAL FM JAN 1     0    HIGHEST SLP M ON M
DPTR FM NORMAL     0    LOWEST  SLP 29.52 ON  5

[REMARKS]
