000
CXUS53 KLMK 011159
CF6FFT
PRELIMINARY LOCAL CLIMATOLOGICAL DATA (WS FORM: F-6)

                                          STATION:   FRANKFORT KY
                                          MONTH:     MARCH
                                          YEAR:      2015
                                          LATITUDE:   38 10 N
                                          LONGITUDE:  84 54 W

  TEMPERATURE IN F:       :PCPN:    SNOW:  WIND      :SUNSHINE: SKY     :PK WND
================================================================================
1   2   3   4   5  6A  6B    7    8   9   10  11  12  13   14  15   16   17  18
                                     12Z  AVG MX 2MIN
DY MAX MIN AVG DEP HDD CDD  WTR  SNW DPTH SPD SPD DIR MIN PSBL S-S WX    SPD DR
================================================================================

 1  42  30  36  -4  29   0 0.21    M    M  5.6 13 210   M    M   5 16     17 220
 2  38  26  32  -8  33   0 0.00    M    M  6.2 16 340   M    M   3 1      20 340
 3  62  26  44   3  21   0 0.38    M    M 10.0 26 220   M    M   8 18     36 220
 4  48  24  36  -5  29   0 2.25    M    M  7.0 17 350   M    M  10 1      24 360
 5  26   2  14 -27  51   0 1.23    M    M  7.3 18  20   M    M   8 18     25  10
 6  27 -10   9 -33  56   0 0.00    M    M  3.8 10 190   M    M   1 128    13 200
 7  46  16  31 -11  34   0 0.00    M    M 11.5 22 220   M    M   0        28 230
 8  51  25  38  -4  27   0 0.00    M    M  2.3  9 250   M    M   0        13 230
 9  54  32  43   1  22   0 0.00    M    M  2.2 10 240   M    M   5        15 270
10  59  41  50   7  15   0 1.20    M    M  4.9 13 270   M    M  10 1      17 300
11  67  42  55  12  10   0 0.00    M    M  4.0 12  10   M    M   5 128    14  30
12  65  41  53   9  12   0 0.00    M    M 10.1 20  90   M    M   0 18     25  70
13  53  50  52   8  13   0 1.09    M    M  5.6 13 150   M    M   9 1      16 170
14  61  43  52   8  13   0 0.74    M    M  4.4 14 300   M    M   7 1      19 300
15  65  35  50   6  15   0 0.00    M    M  3.1 12 320   M    M   0 1      16 290
16  76  46  61  16   4   0 0.00    M    M  9.0 17 220   M    M   0        23 220
17  61  40  51   6  14   0 0.00    M    M  9.2 20  20   M    M   1        29 360
18  47  30  39  -7  26   0 0.00    M    M  7.1 16  90   M    M   0        21  90
19  50  39  45  -1  20   0 0.21    M    M  8.3 15  90   M    M  10 1      20  90
20  49  42  46   0  19   0 0.01    M    M  3.8  9 280   M    M   9 1      16 270
21  67  37  52   5  13   0 0.00    M    M  6.9 15 230   M    M   3 18     21 220
22  59  41  50   3  15   0 0.00    M    M  7.6 15  80   M    M   0        20  40
23  59  33  46  -1  19   0 0.00    M    M  7.8 14  30   M    M   2        20  30
24  49  33  41  -7  24   0 0.04    M    M  7.9 14 130   M    M   8        20  80
25  74  44  59  11   6   0    T    M    M 11.3 26 220   M    M   5        35 230
26  60  39  50   2  15   0 0.32    M    M  6.5 16 330   M    M   9 13     22 330
27  41  27  34 -15  31   0    T    M    M  7.9 17 340   M    M   8 1      23 330
28  41  20  31 -18  34   0 0.00    M    M  5.4 12 340   M    M   0        17 320
29  58  19  39 -10  26   0    T    M    M  8.6 24 190   M    M   2        31 190
30  61  37  49  -1  16   0 0.00    M    M  6.5 17 300   M    M   2        23 230
31  73  37  55   5  10   0 0.00    M    M 10.6 23 230   M    M   1        32 260
================================================================================
SM 1689  987       672   0  7.68    M    212.4          M      131
================================================================================
AV 54.5 31.8                               6.9 FASTST   M    M   4    MAX(MPH)
                                 MISC ---->  # 26 220               # 36  220
================================================================================
NOTES:
# LAST OF SEVERAL OCCURRENCES

COLUMN 17 PEAK WIND IN M.P.H.

PRELIMINARY LOCAL CLIMATOLOGICAL DATA (WS FORM: F-6) , PAGE 2

                                          STATION:  FRANKFORT KY
                                          MONTH:    MARCH
                                          YEAR:     2015
                                          LATITUDE:   38 10 N
                                          LONGITUDE:  84 54 W

[TEMPERATURE DATA]      [PRECIPITATION DATA]       SYMBOLS USED IN COLUMN 16

AVERAGE MONTHLY: 43.2   TOTAL FOR MONTH:   7.68    1 = FOG OR MIST
DPTR FM NORMAL:  -1.7   DPTR FM NORMAL:    3.30    2 = FOG REDUCING VISIBILITY
HIGHEST:    76 ON 16    GRTST 24HR  2.25 ON  4- 4      TO 1/4 MILE OR LESS
LOWEST:    -10 ON  6                               3 = THUNDER
                        SNOW, ICE PELLETS, HAIL    4 = ICE PELLETS
                        TOTAL MONTH:    M          5 = HAIL
                        GRTST 24HR    M  ON   M    6 = FREEZING RAIN OR DRIZZLE
                        GRTST DEPTH:  M  ON   M    7 = DUSTSTORM OR SANDSTORM:
                                                       VSBY 1/2 MILE OR LESS
                                                   8 = SMOKE OR HAZE
[NO. OF DAYS WITH]      [WEATHER - DAYS WITH]      9 = BLOWING SNOW
                                                   X = TORNADO
MAX 32 OR BELOW:   2    0.01 INCH OR MORE:  11
MAX 90 OR ABOVE:   0    0.10 INCH OR MORE:   9
MIN 32 OR BELOW:  13    0.50 INCH OR MORE:   5
MIN  0 OR BELOW:   1    1.00 INCH OR MORE:   4

[HDD (BASE 65) ]
TOTAL THIS MO.   672    CLEAR  (SCALE 0-3)  15
DPTR FM NORMAL    47    PTCLDY (SCALE 4-7)   8
TOTAL FM JUL 1  4792    CLOUDY (SCALE 8-10)  8
DPTR FM NORMAL   528

[CDD (BASE 65) ]
TOTAL THIS MO.     0
DPTR FM NORMAL    -2    [PRESSURE DATA]
TOTAL FM JAN 1     0    HIGHEST SLP 30.62 ON  6
DPTR FM NORMAL    -2    LOWEST  SLP 29.78 ON 26

[REMARKS]
#FINAL-03-15#
