000
CXUS51 KPHI 170800
CF6GED
PRELIMINARY LOCAL CLIMATOLOGICAL DATA (WS FORM: F-6)

                                          STATION:   GEORGETOWN DE
                                          MONTH:     APRIL
                                          YEAR:      2015
                                          LATITUDE:   38 41 N
                                          LONGITUDE:  75 22 W

  TEMPERATURE IN F:       :PCPN:    SNOW:  WIND      :SUNSHINE: SKY     :PK WND
================================================================================
1   2   3   4   5  6A  6B    7    8   9   10  11  12  13   14  15   16   17  18
                                     12Z  AVG MX 2MIN
DY MAX MIN AVG DEP HDD CDD  WTR  SNW DPTH SPD SPD DIR MIN PSBL S-S WX    SPD DR
================================================================================

 1  55  35  45  -5  20   0 0.00    M    M  6.9 17  30   M    M   1 1      27  30
 2  68  30  49  -1  16   0 0.00    M    M 13.8 29 220   M    M   0        44 210
 3  74  60  67  17   0   2 0.14    M    M 14.2 29 220   M    M   4        45 210
 4  67  40  54   3  11   0    T    M    M 10.9 24 280   M    M   3        38 320
 5  63  33  48  -3  17   0 0.00    M    M  9.5 25 220   M    M   0        37 220
 6  73  42  58   7   7   0 0.00    M    M 12.6 28 210   M    M   0        35 200
 7  68  45  57   5   8   0 0.09    M    M 11.0 23 220   M    M   7 1      30 210
 8  45  41  43  -9  22   0    T    M    M 13.4 22  50   M    M   9 1      30  60
 9  44  41  43  -9  22   0 0.00    M    M 10.0 18  70   M    M  10 1      23  40
10  76  42  59   7   6   0 0.32    M    M  7.1 25 210   M    M   8 13     35 240
11  64  41  53   0  12   0 0.00    M    M  5.7 20 280   M    M   0 1      29 270
12  66  35  51  -2  14   0 0.00    M    M  4.6 15 170   M    M   0        20 160
13  75  41  58   5   7   0 0.00    M    M 10.1 25 170   M    M   0        33 160
14  66  49  58   4   7   0 0.97    M    M  8.1 20  40   M    M   8 1      25  30
15  65  48  57   3   8   0 0.00    M    M  6.1 20  20   M    M   2        26  30
16  70  40  55   1  10   0 0.00    M    M  6.2 17 150   M    M   0        25 150
================================================================================
SM 1039  663       187   2  1.52    M    150.2          M       52
================================================================================
AV 64.9 41.4                               9.4 FASTST   M    M   3    MAX(MPH)
                                 MISC ---->  # 29 220               # 45  210
================================================================================
NOTES:
# LAST OF SEVERAL OCCURRENCES

COLUMN 17 PEAK WIND IN M.P.H.

PRELIMINARY LOCAL CLIMATOLOGICAL DATA (WS FORM: F-6) , PAGE 2

                                          STATION:  GEORGETOWN DE
                                          MONTH:    APRIL
                                          YEAR:     2015
                                          LATITUDE:   38 41 N
                                          LONGITUDE:  75 22 W

[TEMPERATURE DATA]      [PRECIPITATION DATA]       SYMBOLS USED IN COLUMN 16

AVERAGE MONTHLY: 53.2   TOTAL FOR MONTH:   1.52    1 = FOG OR MIST
DPTR FM NORMAL:   1.2   DPTR FM NORMAL:   -0.61    2 = FOG REDUCING VISIBILITY
HIGHEST:    76 ON 10    GRTST 24HR  0.97 ON 14-14      TO 1/4 MILE OR LESS
LOWEST:     30 ON  2                               3 = THUNDER
                        SNOW, ICE PELLETS, HAIL    4 = ICE PELLETS
                        TOTAL MONTH:    M          5 = HAIL
                        GRTST 24HR    M  ON   M    6 = FREEZING RAIN OR DRIZZLE
                        GRTST DEPTH:  M  ON   M    7 = DUSTSTORM OR SANDSTORM:
                                                       VSBY 1/2 MILE OR LESS
                                                   8 = SMOKE OR HAZE
[NO. OF DAYS WITH]      [WEATHER - DAYS WITH]      9 = BLOWING SNOW
                                                   X = TORNADO
MAX 32 OR BELOW:   0    0.01 INCH OR MORE:   4
MAX 90 OR ABOVE:   0    0.10 INCH OR MORE:   3
MIN 32 OR BELOW:   1    0.50 INCH OR MORE:   1
MIN  0 OR BELOW:   0    1.00 INCH OR MORE:   0

[HDD (BASE 65) ]
TOTAL THIS MO.   187    CLEAR  (SCALE 0-3)  10
DPTR FM NORMAL   -29    PTCLDY (SCALE 4-7)   3
TOTAL FM JUL 1  4428    CLOUDY (SCALE 8-10)  3
DPTR FM NORMAL   300

[CDD (BASE 65) ]
TOTAL THIS MO.     2
DPTR FM NORMAL    -4    [PRESSURE DATA]
TOTAL FM JAN 1     2    HIGHEST SLP M ON M
DPTR FM NORMAL    -6    LOWEST  SLP 29.53 ON  4

[REMARKS]
