000
CXUS54 KFWD 270730
CF6GVT
PRELIMINARY LOCAL CLIMATOLOGICAL DATA (WS FORM: F-6)

                                          STATION:   GREENVILLE
                                          MONTH:     APRIL
                                          YEAR:      2015
                                          LATITUDE:   33  4 N
                                          LONGITUDE:  96  4 W

  TEMPERATURE IN F:       :PCPN:    SNOW:  WIND      :SUNSHINE: SKY     :PK WND
================================================================================
1   2   3   4   5  6A  6B    7    8   9   10  11  12  13   14  15   16   17  18
                                     12Z  AVG MX 2MIN
DY MAX MIN AVG DEP HDD CDD  WTR  SNW DPTH SPD SPD DIR MIN PSBL S-S WX    SPD DR
================================================================================

 1  79  63  71  10   0   6 0.00  0.0    0 10.5 20 150   M    M   5 13     24 150
 2  84  68  76  15   0  11 0.00  0.0    0 16.8 23 190   M    M   6        31 190
 3  75  54  65   4   0   0 0.00  0.0    0 13.8 21 320   M    M   3        28 330
 4  70  45  58  -4   7   0 0.00  0.0    0  6.0 10  40   M    M   0 8      18  90
 5  55  48  52 -10  13   0 1.08  0.0    0  6.3 10 150   M    M  10 13      M  M
 6  82  55  69   7   0   4 0.02  0.0    0 11.3 21 180   M    M   7 1      27 180
 7  82  68  75  13   0  10 0.00  0.0    0 12.1 17 200   M    M   6        24 200
 8  79  68  74  11   0   9 0.00  0.0    0 12.4 18 180   M    M   4        28 180
 9  81  61  71   8   0   6 0.08  0.0    0  9.2 18 180   M    M   5 3      28 180
10  70  52  61  -2   4   0 0.00  0.0    0  5.8 13 360   M    M   0        17  10
11  75  50  63   0   2   0 0.00  0.0    0  4.1  9  90   M    M   0 18      M  M
12  79  61  70   6   0   5 0.00  0.0    0  7.1 14 120   M    M   8 3      20 120
13  72  61  67   3   0   2 0.41  0.0    0  7.8 14 340   M    M  10 3      18 360
14  63  55  59  -5   6   0 0.02  0.0    0  5.3  8 360   M    M  10 1       M  M
15  73  55  64   0   1   0    M  0.0    0  3.5  7 250   M    M   6         M  M
16  81  54  68   3   0   3 0.00  0.0    0  4.8  9  40   M    M   3 3      16  70
17  81  61  71   6   0   6 0.27  0.0    0  4.2 10 250   M    M   5 38     17 280
18  81  59  70   5   0   5 0.75  0.0    0  3.7 12 290   M    M   3 3      33 270
19  79  54  67   1   0   2 0.00  0.0    0  9.4 16 290   M    M   3        27 320
20  70  46  58  -8   7   0 0.00  0.0    0  6.7 15 350   M    M   0 1      21  10
21  64  46  55 -11  10   0 0.20  0.0    0  1.9  8 140   M    M   5 3      17  50
22  73  54  64  -2   1   0 0.00  0.0    0  5.1  9  50   M    M   6         M  M
23  70  63  67   0   0   2 1.04  0.0    0  7.0 10 120   M    M   9 3       M  M
24  64  63  64  -3   1   0 1.18  0.0    0  6.2 12  20   M    M   9 13     17  20
25  88  59  74   7   0   9 0.00  0.0    0  6.1 13 260   M    M   0 1      21 260
26  88  55  72   4   0   7 0.00  0.0    0  5.1 14  90   M    M   3 3      22 110
================================================================================
SM 1958 1478        52  87  5.05     0.0 192.2          M      126
================================================================================
AV 75.3 56.8                               7.4 FASTST   M    M   5    MAX(MPH)
                                 MISC ---->  # 23 190                 33    M
================================================================================
NOTES:
# LAST OF SEVERAL OCCURRENCES

COLUMN 17 PEAK WIND IN M.P.H.

PRELIMINARY LOCAL CLIMATOLOGICAL DATA (WS FORM: F-6) , PAGE 2

                                          STATION:  GREENVILLE
                                          MONTH:    APRIL
                                          YEAR:     2015
                                          LATITUDE:   33  4 N
                                          LONGITUDE:  96  4 W

[TEMPERATURE DATA]      [PRECIPITATION DATA]       SYMBOLS USED IN COLUMN 16

AVERAGE MONTHLY: 66.1   TOTAL FOR MONTH:   5.05    1 = FOG OR MIST
DPTR FM NORMAL:   2.0   DPTR FM NORMAL:    2.05    2 = FOG REDUCING VISIBILITY
HIGHEST:    88 ON 26,25 GRTST 24HR  1.18 ON 24-24      TO 1/4 MILE OR LESS
LOWEST:     45 ON  4                               3 = THUNDER
                        SNOW, ICE PELLETS, HAIL    4 = ICE PELLETS
                        TOTAL MONTH:   0.0 INCH    5 = HAIL
                        GRTST 24HR     0.0         6 = FREEZING RAIN OR DRIZZLE
                        GRTST DEPTH:   0           7 = DUSTSTORM OR SANDSTORM:
                                                       VSBY 1/2 MILE OR LESS
                                                   8 = SMOKE OR HAZE
[NO. OF DAYS WITH]      [WEATHER - DAYS WITH]      9 = BLOWING SNOW
                                                   X = TORNADO
MAX 32 OR BELOW:   0    0.01 INCH OR MORE:  10
MAX 90 OR ABOVE:   0    0.10 INCH OR MORE:   7
MIN 32 OR BELOW:   0    0.50 INCH OR MORE:   4
MIN  0 OR BELOW:   0    1.00 INCH OR MORE:   3

[HDD (BASE 65) ]
TOTAL THIS MO.    52    CLEAR  (SCALE 0-3)   8
DPTR FM NORMAL   -43    PTCLDY (SCALE 4-7)  13
TOTAL FM JUL 1  2546    CLOUDY (SCALE 8-10)  5
DPTR FM NORMAL   157

[CDD (BASE 65) ]
TOTAL THIS MO.    87
DPTR FM NORMAL    15    [PRESSURE DATA]
TOTAL FM JAN 1   114    HIGHEST SLP M ON M
DPTR FM NORMAL     9    LOWEST  SLP M ON M

[REMARKS]
