000
CXUS54 KLUB 210755
CF6LBB
PRELIMINARY LOCAL CLIMATOLOGICAL DATA (WS FORM: F-6)

                                          STATION:   LUBBOCK
                                          MONTH:     APRIL
                                          YEAR:      2015
                                          LATITUDE:   33 39 N
                                          LONGITUDE: 101 49 W

  TEMPERATURE IN F:       :PCPN:    SNOW:  WIND      :SUNSHINE: SKY     :PK WND
================================================================================
1   2   3   4   5  6A  6B    7    8   9   10  11  12  13   14  15   16   17  18
                                     12Z  AVG MX 2MIN
DY MAX MIN AVG DEP HDD CDD  WTR  SNW DPTH SPD SPD DIR MIN PSBL S-S WX    SPD DR
================================================================================

 1  88  53  71  15   0   6    T  0.0    0 11.2 28 300   M    M   5        41 320
 2  88  47  68  12   0   3 0.00  0.0    0 14.4 36 230   M    M   4 8      45 240
 3  65  43  54  -3  11   0 0.00  0.0    0 19.4 32 350   M    M   8 8      43 350
 4  64  39  52  -5  13   0 0.05  0.0    0 12.3 23 190   M    M   9 3      27 190
 5  82  46  64   7   1   0 0.00  0.0    0 11.5 22 210   M    M   7        26 200
 6  88  54  71  13   0   6 0.00  0.0    0 15.5 30 220   M    M   4        37 240
 7  90  57  74  16   0   9 0.00  0.0    0 14.1 32 220   M    M   3 18     43 210
 8  88  62  75  17   0  10    T  0.0    0 17.5 52 260   M    M   7 138    65 260
 9  78  50  64   6   1   0 0.00  0.0    0 13.8 25 200   M    M   5 18     32 200
10  69  40  55  -4  10   0 0.00  0.0    0 12.0 22 140   M    M   3        26 130
11  80  51  66   7   0   1    T  0.0    0 17.4 32 140   M    M   5 3      47 150
12  84  59  72  13   0   7 0.11  0.0    0 13.9 28 230   M    M   8 138    33 270
13  60  47  54  -6  11   0 0.42  0.0    0 20.5 41  50   M    M  10 1      53  60
14  67  46  57  -3   8   0 0.00  0.0    0  8.3 16  30   M    M   5        22  10
15  81  47  64   4   1   0 0.00  0.0    0 15.2 29 200   M    M   2        36 200
16  81  53  67   6   0   2 0.03  0.0    0 13.5 30 130   M    M   5 13     34 140
17  77  49  63   2   2   0 0.02  0.0    0  8.6 22 250   M    M   4 3      29 280
18  77  39  58  -3   7   0 0.00  0.0    0  9.8 31 240   M    M   3 12     39 260
19  66  45  56  -6   9   0 0.00  0.0    0 17.1 33 340   M    M   2        40 340
20  70  38  54  -8  11   0 0.00    M    0  9.3 22 180   M    M   2        29 150
================================================================================
SM 1543  965        85  44  0.63     0.0 275.3          M      101
================================================================================
AV 77.2 48.2                              13.8 FASTST   M    M   5    MAX(MPH)
                                 MISC ---->  # 52 260               # 65  260
================================================================================
NOTES:
# LAST OF SEVERAL OCCURRENCES

COLUMN 17 PEAK WIND IN M.P.H.

PRELIMINARY LOCAL CLIMATOLOGICAL DATA (WS FORM: F-6) , PAGE 2

                                          STATION:  LUBBOCK
                                          MONTH:    APRIL
                                          YEAR:     2015
                                          LATITUDE:   33 39 N
                                          LONGITUDE: 101 49 W

[TEMPERATURE DATA]      [PRECIPITATION DATA]       SYMBOLS USED IN COLUMN 16

AVERAGE MONTHLY: 62.7   TOTAL FOR MONTH:   0.63    1 = FOG OR MIST
DPTR FM NORMAL:   3.8   DPTR FM NORMAL:   -0.23    2 = FOG REDUCING VISIBILITY
HIGHEST:    90 ON  7    GRTST 24HR  0.51 ON 12-13      TO 1/4 MILE OR LESS
LOWEST:     38 ON 20                               3 = THUNDER
                        SNOW, ICE PELLETS, HAIL    4 = ICE PELLETS
                        TOTAL MONTH:   0.0 INCH    5 = HAIL
                        GRTST 24HR     0.0         6 = FREEZING RAIN OR DRIZZLE
                        GRTST DEPTH:   0           7 = DUSTSTORM OR SANDSTORM:
                                                       VSBY 1/2 MILE OR LESS
                                                   8 = SMOKE OR HAZE
[NO. OF DAYS WITH]      [WEATHER - DAYS WITH]      9 = BLOWING SNOW
                                                   X = TORNADO
MAX 32 OR BELOW:   0    0.01 INCH OR MORE:   5
MAX 90 OR ABOVE:   1    0.10 INCH OR MORE:   2
MIN 32 OR BELOW:   0    0.50 INCH OR MORE:   0
MIN  0 OR BELOW:   0    1.00 INCH OR MORE:   0

[HDD (BASE 65) ]
TOTAL THIS MO.    85    CLEAR  (SCALE 0-3)   5
DPTR FM NORMAL   -59    PTCLDY (SCALE 4-7)  11
TOTAL FM JUL 1  3184    CLOUDY (SCALE 8-10)  4
DPTR FM NORMAL  -114

[CDD (BASE 65) ]
TOTAL THIS MO.    44
DPTR FM NORMAL    19    [PRESSURE DATA]
TOTAL FM JAN 1    47    HIGHEST SLP M ON M
DPTR FM NORMAL    15    LOWEST  SLP 29.50 ON  8

[REMARKS]
