000
CXUS53 KDTX 240800
CF6MBS
PRELIMINARY LOCAL CLIMATOLOGICAL DATA (WS FORM: F-6)

                                          STATION:   TRI CITIES MI
                                          MONTH:     APRIL
                                          YEAR:      2015
                                          LATITUDE:   43 31 N
                                          LONGITUDE:  84  5 W

  TEMPERATURE IN F:       :PCPN:    SNOW:  WIND      :SUNSHINE: SKY     :PK WND
================================================================================
1   2   3   4   5  6A  6B    7    8   9   10  11  12  13   14  15   16   17  18
                                     12Z  AVG MX 2MIN
DY MAX MIN AVG DEP HDD CDD  WTR  SNW DPTH SPD SPD DIR MIN PSBL S-S WX    SPD DR
================================================================================

 1  59  28  44   4  21   0 0.00  0.0    0  6.3 16 170   M    M   0        22 180
 2  65  45  55  14  10   0 0.15  0.0    0 12.2 29 220   M    M   4 18     39 220
 3  51  28  40  -1  25   0    T  0.0    0 10.6 22 330   M    M   6 1      26 320
 4  51  22  37  -4  28   0 0.00  0.0    0 11.5 29 270   M    M   3        39 250
 5  42  33  38  -4  27   0 0.10  0.3    0  6.9 13  50   M    M  10 1      15  30
 6  51  34  43   1  22   0 0.00  0.0    0 12.4 23  40   M    M   2 18     27  50
 7  46  36  41  -2  24   0    T  0.0    0 15.9 25  40   M    M  10        30  40
 8  41  35  38  -5  27   0 0.69  0.0    0 12.1 24  60   M    M  10 1      29  50
 9  61  38  50   6  15   0 0.37  0.0    0  8.2 16 100   M    M   9 13     20 100
10  62  37  50   6  15   0 0.50  0.0    0 22.5 38 240   M    M  10 13     51 230
11  61  32  47   3  18   0 0.00  0.0    0  8.0 18 230   M    M   3        22 230
12  70  42  56  11   9   0 0.00  0.0    0 10.1 20 200   M    M   1        25 200
13  63  47  55  10  10   0 0.04  0.0    0 13.1 30 230   M    M   6 1      38 300
14  67  40  54   8  11   0 0.00  0.0    0  6.1 15 330   M    M   0        22 230
15  61  35  48   2  17   0 0.00  0.0    0 11.4 24  50   M    M   0        28  40
16  64  39  52   6  13   0    T  0.0    0  5.6 18 190   M    M   6        22 190
17  77  44  61  14   4   0 0.00  0.0    0  6.6 14 310   M    M   2        17  10
18  63  42  53   6  12   0 0.00  0.0    0 12.3 24  70   M    M   0        32  50
19  65  40  53   5  12   0 0.30  0.0    0 13.5 23  40   M    M   2 1      27  90
20  57  42  50   2  15   0 0.07  0.0    0 18.4 33 220   M    M  10 1      43 230
21  47  36  42  -6  23   0 0.13  0.0    0 16.4 38 250   M    M   9        47 250
22  41  32  37 -12  28   0 0.03  0.2    0 13.7 30 290   M    M  10 18     38 290
23  41  30  36 -13  29   0 0.01    T    0 11.8 23 310   M    M   7 1      30 310
================================================================================
SM 1306  837       415   0  2.39     0.5 265.6          M      120
================================================================================
AV 56.8 36.4                              11.5 FASTST   M    M   5    MAX(MPH)
                                 MISC ---->  # 38 240               # 51  230
================================================================================
NOTES:
# LAST OF SEVERAL OCCURRENCES

COLUMN 17 PEAK WIND IN M.P.H.

PRELIMINARY LOCAL CLIMATOLOGICAL DATA (WS FORM: F-6) , PAGE 2

                                          STATION:  TRI CITIES MI
                                          MONTH:    APRIL
                                          YEAR:     2015
                                          LATITUDE:   43 31 N
                                          LONGITUDE:  84  5 W

[TEMPERATURE DATA]      [PRECIPITATION DATA]       SYMBOLS USED IN COLUMN 16

AVERAGE MONTHLY: 46.6   TOTAL FOR MONTH:   2.39    1 = FOG OR MIST
DPTR FM NORMAL:   1.8   DPTR FM NORMAL:    0.20    2 = FOG REDUCING VISIBILITY
HIGHEST:    77 ON 17    GRTST 24HR  0.87 ON  9-10      TO 1/4 MILE OR LESS
LOWEST:     22 ON  4                               3 = THUNDER
                        SNOW, ICE PELLETS, HAIL    4 = ICE PELLETS
                        TOTAL MONTH:   0.5 INCH    5 = HAIL
                        GRTST 24HR   0.3 ON   M    6 = FREEZING RAIN OR DRIZZLE
                        GRTST DEPTH:   0           7 = DUSTSTORM OR SANDSTORM:
                                                       VSBY 1/2 MILE OR LESS
                                                   8 = SMOKE OR HAZE
[NO. OF DAYS WITH]      [WEATHER - DAYS WITH]      9 = BLOWING SNOW
                                                   X = TORNADO
MAX 32 OR BELOW:   0    0.01 INCH OR MORE:  11
MAX 90 OR ABOVE:   0    0.10 INCH OR MORE:   7
MIN 32 OR BELOW:   6    0.50 INCH OR MORE:   2
MIN  0 OR BELOW:   0    1.00 INCH OR MORE:   0

[HDD (BASE 65) ]
TOTAL THIS MO.   415    CLEAR  (SCALE 0-3)  10
DPTR FM NORMAL   -55    PTCLDY (SCALE 4-7)   5
TOTAL FM JUL 1  6782    CLOUDY (SCALE 8-10)  8
DPTR FM NORMAL   244

[CDD (BASE 65) ]
TOTAL THIS MO.     0
DPTR FM NORMAL     0    [PRESSURE DATA]
TOTAL FM JAN 1     0    HIGHEST SLP M ON M
DPTR FM NORMAL     0    LOWEST  SLP 29.16 ON 20

[REMARKS]
