000
CXUS53 KILX 250900
CF6MTO
PRELIMINARY LOCAL CLIMATOLOGICAL DATA (WS FORM: F-6)

                                          STATION:   MATTOON IL AIRPORT
                                          MONTH:     APRIL
                                          YEAR:      2015
                                          LATITUDE:   39 28 N
                                          LONGITUDE:  88 17 W

  TEMPERATURE IN F:       :PCPN:    SNOW:  WIND      :SUNSHINE: SKY     :PK WND
================================================================================
1   2   3   4   5  6A  6B    7    8   9   10  11  12  13   14  15   16   17  18
                                     12Z  AVG MX 2MIN
DY MAX MIN AVG DEP HDD CDD  WTR  SNW DPTH SPD SPD DIR MIN PSBL S-S WX    SPD DR
================================================================================

 1  70  44  57   9   8   0 0.00    M    M 12.1 21 140   M    M   0        25 160
 2  73  55  64  15   1   0 0.13    M    M 10.4 22 290   M    M   7 13     30 240
 3  59  36  48  -1  17   0 0.21    M    M 15.4 33 350   M    M   7 18     43 360
 4  56  27  42  -7  23   0 0.00    M    M  8.2 16 210   M    M   0        23 210
 5  63  40  52   2  13   0 0.00    M    M  9.9 18 200   M    M   1        27 160
 6  59  51  55   5  10   0 0.01    M    M  9.5 20 160   M    M  10 1      25 160
 7  66  58  62  12   3   0 0.12    M    M  6.4 22 200   M    M   7 123    35 190
 8  75  57  66  15   0   1 0.69    M    M  9.4 25 340   M    M   5 13     46 330
 9  77  54  66  15   0   1 1.03    M    M 12.9 31 270   M    M   7 13     42 270
10  65  40  53   1  12   0 0.00    M    M 16.5 31 280   M    M   1        41 270
11  62  35  49  -3  16   0 0.00    M    M  3.6 12 210   M    M   0        15 110
12  68  45  57   5   8   0 0.00    M    M  9.5 18 160   M    M   2        23 170
13  68  52  60   7   5   0 0.35    M    M  9.7 25 280   M    M   5 13     36 290
14  66  49  58   5   7   0 0.00  0.0    0 10.1 21  60   M    M   0 8      24  60
15  72  43  58   5   7   0    T    M    0 11.0 21 100   M    M   5 1      30 110
16  69  53  61   7   4   0    T  0.0    0  3.2  9 130   M    M   6 128    13 230
17  76  49  63   9   2   0 0.00  0.0    0  2.2  8 120   M    M   3 128    13  60
18  76  51  64  10   1   0    T  0.0    0  5.7 14 110   M    M   0        19 140
19  67  56  62   7   3   0 0.81  0.0    0  8.9 23 330   M    M   8 1      27 330
20  57  44  51  -4  14   0 0.01    M    M 15.2 29 280   M    M   9 1      39 300
21  63  43  53  -3  12   0 0.00    M    M 12.3 29 280   M    M   2        41 230
22  54  36  45 -11  20   0    T    M    M 15.1 31 300   M    M   3        39 300
23  59  36  48  -8  17   0 0.00    M    0  9.4 23 320   M    M   0        27 320
24  62  33  48  -8  17   0    T    M    0  8.7 17 160   M    M   6        25 160
================================================================================
SM 1582 1087       220   2  3.36     0.0 235.3          M       94
================================================================================
AV 65.9 45.3                               9.8 FASTST   M    M   4    MAX(MPH)
                                 MISC ---->  # 33 350               # 46  330
================================================================================
NOTES:
# LAST OF SEVERAL OCCURRENCES

COLUMN 17 PEAK WIND IN M.P.H.

PRELIMINARY LOCAL CLIMATOLOGICAL DATA (WS FORM: F-6) , PAGE 2

                                          STATION:  MATTOON IL AIRPORT
                                          MONTH:    APRIL
                                          YEAR:     2015
                                          LATITUDE:   39 28 N
                                          LONGITUDE:  88 17 W

[TEMPERATURE DATA]      [PRECIPITATION DATA]       SYMBOLS USED IN COLUMN 16

AVERAGE MONTHLY: 55.6   TOTAL FOR MONTH:   3.36    1 = FOG OR MIST
DPTR FM NORMAL:   3.2   DPTR FM NORMAL:    0.84    2 = FOG REDUCING VISIBILITY
HIGHEST:    77 ON  9    GRTST 24HR  1.12 ON  8- 9      TO 1/4 MILE OR LESS
LOWEST:     27 ON  4                               3 = THUNDER
                        SNOW, ICE PELLETS, HAIL    4 = ICE PELLETS
                        TOTAL MONTH:   0.0 INCH    5 = HAIL
                        GRTST 24HR     0.0         6 = FREEZING RAIN OR DRIZZLE
                        GRTST DEPTH:   0           7 = DUSTSTORM OR SANDSTORM:
                                                       VSBY 1/2 MILE OR LESS
                                                   8 = SMOKE OR HAZE
[NO. OF DAYS WITH]      [WEATHER - DAYS WITH]      9 = BLOWING SNOW
                                                   X = TORNADO
MAX 32 OR BELOW:   0    0.01 INCH OR MORE:   9
MAX 90 OR ABOVE:   0    0.10 INCH OR MORE:   7
MIN 32 OR BELOW:   1    0.50 INCH OR MORE:   3
MIN  0 OR BELOW:   0    1.00 INCH OR MORE:   1

[HDD (BASE 65) ]
TOTAL THIS MO.   220    CLEAR  (SCALE 0-3)  11
DPTR FM NORMAL   -93    PTCLDY (SCALE 4-7)  11
TOTAL FM JUL 1  5723    CLOUDY (SCALE 8-10)  2
DPTR FM NORMAL   507

[CDD (BASE 65) ]
TOTAL THIS MO.     2
DPTR FM NORMAL    -3    [PRESSURE DATA]
TOTAL FM JAN 1     2    HIGHEST SLP M ON M
DPTR FM NORMAL    -4    LOWEST  SLP 29.38 ON 19

[REMARKS]
