000
CXUS54 KMRX 181225
CF6OQT
PRELIMINARY LOCAL CLIMATOLOGICAL DATA (WS FORM: F-6)

                                          STATION:   OAK_RIDGE_(ASOS)
                                          MONTH:     APRIL
                                          YEAR:      2015
                                          LATITUDE:   36  1 N
                                          LONGITUDE:  84 14 W

  TEMPERATURE IN F:       :PCPN:    SNOW:  WIND      :SUNSHINE: SKY     :PK WND
================================================================================
1   2   3   4   5  6A  6B    7    8   9   10  11  12  13   14  15   16   17  18
                                     12Z  AVG MX 2MIN
DY MAX MIN AVG DEP HDD CDD  WTR  SNW DPTH SPD SPD DIR MIN PSBL S-S WX    SPD DR
================================================================================

 1  75  47  61   6   4   0 0.00    M    M  3.4 10  60   M    M   0        19 360
 2  73  45  59   4   6   0 0.07    M    M  3.9 17 190   M    M   6 1      25 190
 3  77  54  66  10   0   1 1.00    M    M  6.2 20 210   M    M   8 1      28 200
 4  63  40  52  -4  13   0 0.00    M    M  5.4 13 340   M    M   3        23 340
 5  69  33  51  -5  14   0 0.00    M    M  2.6 12 200   M    M   0        16 200
 6  64  52  58   2   7   0 0.59    M    M  0.4  8 270   M    M   8 1      12 280
 7  64  57  61   4   4   0 0.39    M    M  1.1  6  80   M    M  10 1      10  70
 8  84  58  71  14   0   6 0.00    M    M  1.7 12 190   M    M   7 12     17 200
 9  86  57  72  15   0   7 0.00    M    M  5.7 20 190   M    M   2 1      28 180
10  75  53  64   7   1   0 0.55    M    M  4.9 15 210   M    M   6 1      29 200
11  74  43  59   1   6   0 0.00    M    M  2.3 10  70   M    M   0        15 110
12  83  46  65   7   0   0 0.00    M    M  3.9 14 200   M    M   0        25 200
13  78  55  67   9   0   2    T    M    M  2.0 10 260   M    M   7 1      17 250
14  78  63  71  13   0   6 0.67    M    M  1.7 12 230   M    M   8 1      21 220
15  69  61  65   6   0   0 1.11    M    M  3.6 12  80   M    M  10 1      17  70
16  65  58  62   3   3   0 0.17    M    M  2.1  7 140   M    M   9 1      10  80
17  72  59  66   7   0   1 0.00    M    M  1.5  7 190   M    M   6 1      10 190
================================================================================
SM 1249  881        58  23  4.55    M     52.4          M       90
================================================================================
AV 73.5 51.8                               3.1 FASTST   M    M   5    MAX(MPH)
                                 MISC ---->  # 20 210               # 29  200
================================================================================
NOTES:
# LAST OF SEVERAL OCCURRENCES

COLUMN 17 PEAK WIND IN M.P.H.

PRELIMINARY LOCAL CLIMATOLOGICAL DATA (WS FORM: F-6) , PAGE 2

                                          STATION:  OAK_RIDGE_(ASOS)
                                          MONTH:    APRIL
                                          YEAR:     2015
                                          LATITUDE:   36  1 N
                                          LONGITUDE:  84 14 W

[TEMPERATURE DATA]      [PRECIPITATION DATA]       SYMBOLS USED IN COLUMN 16

AVERAGE MONTHLY: 62.6   TOTAL FOR MONTH:   4.55    1 = FOG OR MIST
DPTR FM NORMAL:   5.5   DPTR FM NORMAL:    2.23    2 = FOG REDUCING VISIBILITY
HIGHEST:    86 ON  9    GRTST 24HR  1.29 ON 14-15      TO 1/4 MILE OR LESS
LOWEST:     33 ON  5                               3 = THUNDER
                        SNOW, ICE PELLETS, HAIL    4 = ICE PELLETS
                        TOTAL MONTH:    M          5 = HAIL
                        GRTST 24HR    M  ON   M    6 = FREEZING RAIN OR DRIZZLE
                        GRTST DEPTH:  M  ON   M    7 = DUSTSTORM OR SANDSTORM:
                                                       VSBY 1/2 MILE OR LESS
                                                   8 = SMOKE OR HAZE
[NO. OF DAYS WITH]      [WEATHER - DAYS WITH]      9 = BLOWING SNOW
                                                   X = TORNADO
MAX 32 OR BELOW:   0    0.01 INCH OR MORE:   8
MAX 90 OR ABOVE:   0    0.10 INCH OR MORE:   7
MIN 32 OR BELOW:   0    0.50 INCH OR MORE:   5
MIN  0 OR BELOW:   0    1.00 INCH OR MORE:   2

[HDD (BASE 65) ]
TOTAL THIS MO.    58    CLEAR  (SCALE 0-3)   6
DPTR FM NORMAL   -87    PTCLDY (SCALE 4-7)   7
TOTAL FM JUL 1  3619    CLOUDY (SCALE 8-10)  4
DPTR FM NORMAL    54

[CDD (BASE 65) ]
TOTAL THIS MO.    23
DPTR FM NORMAL    10    [PRESSURE DATA]
TOTAL FM JAN 1    27    HIGHEST SLP M ON M
DPTR FM NORMAL    10    LOWEST  SLP 29.79 ON  3

[REMARKS]
