000
CXUS52 KMFL 011000
CF6PBI
PRELIMINARY LOCAL CLIMATOLOGICAL DATA (WS FORM: F-6)

                                          STATION:   WEST PALM BEACH
                                          MONTH:     MARCH
                                          YEAR:      2015
                                          LATITUDE:   26 40 N
                                          LONGITUDE:  80  7 W

  TEMPERATURE IN F:       :PCPN:    SNOW:  WIND      :SUNSHINE: SKY     :PK WND
================================================================================
1   2   3   4   5  6A  6B    7    8   9   10  11  12  13   14  15   16   17  18
                                     12Z  AVG MX 2MIN
DY MAX MIN AVG DEP HDD CDD  WTR  SNW DPTH SPD SPD DIR MIN PSBL S-S WX    SPD DR
================================================================================

 1  82  73  78   9   0  13 0.00  0.0    0 12.4 22  90   M    M   6        26  80
 2  81  73  77   8   0  12 0.00  0.0    0  9.3 15 100   M    M   4        20  90
 3  82  73  78   9   0  13 0.00  0.0    0 12.1 18 120   M    M   4        25 110
 4  83  73  78   9   0  13 0.00  0.0    M 12.4 20 130   M    M   4        27 140
 5  85  74  80  10   0  15 0.00  0.0    0 13.2 23 150   M    M   5        29 140
 6  84  69  77   7   0  12    T  0.0    0  6.9 20 360   M    M   8        23 360
 7  76  64  70   0   0   5 0.08  0.0    0 12.0 22  50   M    M  10 1      28  50
 8  78  71  75   5   0  10    T  0.0    0 11.9 18  60   M    M   7        24  50
 9  84  73  79   9   0  14    T  0.0    0 11.5 16 110   M    M   6 8      23  90
10  84  75  80  10   0  15 0.00  0.0    0 14.5 22 130   M    M   5        27 130
11  85  76  81  11   0  16 0.06  0.0    0 13.5 23 130   M    M   7 1      27 130
12  86  75  81  11   0  16 0.00  0.0    0 13.1 21 120   M    M   5        25 120
13  84  75  80  10   0  15 0.00  0.0    0 18.9 26 120   M    M   6        31 120
14  85  74  80  10   0  15    T  0.0    0 13.1 22 130   M    M   4        26 130
15  84  66  75   5   0  10    T  0.0    0  4.6 13 130   M    M   4        17  60
16  84  72  78   8   0  13 0.00  0.0    0  7.6 15 100   M    M   4        19  50
17  87  68  78   8   0  13 0.00  0.0    0  6.9 18 140   M    M   3        23 140
18  83  66  75   4   0  10 0.00  0.0    0  7.3 13 100   M    M   4        17  90
19  85  68  77   6   0  12 0.00  0.0    0  7.9 18 120   M    M   5 1      22 110
20  90  68  79   8   0  14 0.00  0.0    0  7.3 15 220   M    M   2        19 220
21  88  69  79   8   0  14 0.00  0.0    0  6.9 13 210   M    M   4        17 110
22  90  69  80   9   0  15 0.00  0.0    0  7.9 16 150   M    M   6 18     20 190
23  87  67  77   6   0  12 0.01  0.0    0  8.3 21 320   M    M   6        24 320
24  83  68  76   5   0  11    T  0.0    0  6.2 14  40   M    M   6 12     18  60
25  85  68  77   6   0  12 0.11  0.0    0  5.5 15 350   M    M   7 1      18  50
26  85  72  79   8   0  14 0.05  0.0    0  9.5 25 160   M    M   6 13     35 150
27  91  67  79   8   0  14 0.73  0.0    0 13.6 29 190   M    M   6 138    40 190
28  72  57  65  -7   0   0 0.00  0.0    0 10.9 24 320   M    M   8        34 310
29  74  51  63  -9   2   0 0.00  0.0    0 11.0 21 360   M    M   3        26  40
30  77  54  66  -6   0   1 0.00  0.0    0  4.4 14 100   M    M   2        18  40
31  80  57  69  -3   0   4 0.00  0.0    0  7.6 14 100   M    M   2        21 120
================================================================================
SM 2584 2125         2 353  1.04     0.0 308.2          M      159
================================================================================
AV 83.4 68.5                               9.9 FASTST   M    M   5    MAX(MPH)
                                 MISC ---->  # 29 190               # 40  190
================================================================================
NOTES:
# LAST OF SEVERAL OCCURRENCES

COLUMN 17 PEAK WIND IN M.P.H.

PRELIMINARY LOCAL CLIMATOLOGICAL DATA (WS FORM: F-6) , PAGE 2

                                          STATION:  WEST PALM BEACH
                                          MONTH:    MARCH
                                          YEAR:     2015
                                          LATITUDE:   26 40 N
                                          LONGITUDE:  80  7 W

[TEMPERATURE DATA]      [PRECIPITATION DATA]       SYMBOLS USED IN COLUMN 16

AVERAGE MONTHLY: 76.0   TOTAL FOR MONTH:   1.04    1 = FOG OR MIST
DPTR FM NORMAL:   5.5   DPTR FM NORMAL:   -3.55    2 = FOG REDUCING VISIBILITY
HIGHEST:    91 ON 27    GRTST 24HR  0.73 ON 27-27      TO 1/4 MILE OR LESS
LOWEST:     51 ON 29                               3 = THUNDER
                        SNOW, ICE PELLETS, HAIL    4 = ICE PELLETS
                        TOTAL MONTH:   0.0 INCH    5 = HAIL
                        GRTST 24HR     0.0         6 = FREEZING RAIN OR DRIZZLE
                        GRTST DEPTH:   0           7 = DUSTSTORM OR SANDSTORM:
                                                       VSBY 1/2 MILE OR LESS
                                                   8 = SMOKE OR HAZE
[NO. OF DAYS WITH]      [WEATHER - DAYS WITH]      9 = BLOWING SNOW
                                                   X = TORNADO
MAX 32 OR BELOW:   0    0.01 INCH OR MORE:   6
MAX 90 OR ABOVE:   3    0.10 INCH OR MORE:   2
MIN 32 OR BELOW:   0    0.50 INCH OR MORE:   1
MIN  0 OR BELOW:   0    1.00 INCH OR MORE:   0

[HDD (BASE 65) ]
TOTAL THIS MO.     2    CLEAR  (SCALE 0-3)   4
DPTR FM NORMAL   -22    PTCLDY (SCALE 4-7)  26
TOTAL FM JUL 1   126    CLOUDY (SCALE 8-10)  1
DPTR FM NORMAL  -103

[CDD (BASE 65) ]
TOTAL THIS MO.   353
DPTR FM NORMAL   160    [PRESSURE DATA]
TOTAL FM JAN 1   631    HIGHEST SLP 30.33 ON  1
DPTR FM NORMAL   203    LOWEST  SLP 29.78 ON 27

[REMARKS]
#FINAL-03-15#
