000
CXUS55 KTBW 191000
CF6PGD
PRELIMINARY LOCAL CLIMATOLOGICAL DATA (WS FORM: F-6)

                                          STATION:   Punta Gorda
                                          MONTH:     APRIL
                                          YEAR:      2015
                                          LATITUDE:   26 55 N
                                          LONGITUDE:  82  0 W

  TEMPERATURE IN F:       :PCPN:    SNOW:  WIND      :SUNSHINE: SKY     :PK WND
================================================================================
1   2   3   4   5  6A  6B    7    8   9   10  11  12  13   14  15   16   17  18
                                     12Z  AVG MX 2MIN
DY MAX MIN AVG DEP HDD CDD  WTR  SNW DPTH SPD SPD DIR MIN PSBL S-S WX    SPD DR
================================================================================

 1  82  54  68  -2   0   3 0.00  0.0    0  5.7 14 280   M    M   2 12     20 300
 2  85  59  72   2   0   7 0.00  0.0    0  4.1 14 290   M    M   3 1      17 270
 3  86  57  72   2   0   7 0.00  0.0    0  5.4 15 230   M    M   2 128    18 120
 4  86  58  72   2   0   7 0.00  0.0    0  5.9 15 270   M    M   1 12     19 280
 5  89  60  75   5   0  10 0.00  0.0    0  6.8 14 260   M    M   2 18     18 240
 6  87  60  74   3   0   9 0.01  0.0    0  6.4 15 290   M    M   4 1      20 100
 7  88  62  75   4   0  10 0.00  0.0    0  6.6 15 110   M    M   3 1      19 110
 8  90  64  77   6   0  12 0.00  0.0    0  7.7 14 110   M    M   2 1      19  60
 9  90  60  75   4   0  10 0.24  0.0    0  6.5 17 280   M    M   3 13     19 280
10  88  65  77   6   0  12 0.00  0.0    0  6.8 15 230   M    M   2 1      20 260
11  88  65  77   6   0  12 0.00  0.0    0  5.8 16 250   M    M   3        20 250
12  89  67  78   7   0  13    T  0.0    0  6.9 25 190   M    M   4 3      29 180
13  89  65  77   6   0  12 0.30  0.0    0  8.0 18 140   M    M   5 13     26 140
14  88  68  78   6   0  13 0.00  0.0    0  6.5 15 230   M    M   3 1      18 240
15  88  68  78   6   0  13 0.00  0.0    0  6.4 16 260   M    M   2 1      19 260
16  89  69  79   7   0  14 0.01  0.0    0  6.3 17  40   M    M   4 1      21  60
17  85  66  76   4   0  11 0.00  0.0    0  6.2 14 240   M    M   2 12     18 250
18  87  68  78   6   0  13 0.00  0.0    0  6.7 17 250   M    M   3 12     22 270
================================================================================
SM 1574 1135         0 188  0.56     0.0 114.7          M       50
================================================================================
AV 87.4 63.1                               6.4 FASTST   M    M   3    MAX(MPH)
                                 MISC ---->  # 25 190               # 29  180
================================================================================
NOTES:
# LAST OF SEVERAL OCCURRENCES

COLUMN 17 PEAK WIND IN M.P.H.

PRELIMINARY LOCAL CLIMATOLOGICAL DATA (WS FORM: F-6) , PAGE 2

                                          STATION:  Punta Gorda
                                          MONTH:    APRIL
                                          YEAR:     2015
                                          LATITUDE:   26 55 N
                                          LONGITUDE:  82  0 W

[TEMPERATURE DATA]      [PRECIPITATION DATA]       SYMBOLS USED IN COLUMN 16

AVERAGE MONTHLY: 75.2   TOTAL FOR MONTH:   0.56    1 = FOG OR MIST
DPTR FM NORMAL:   4.2   DPTR FM NORMAL:   -0.84    2 = FOG REDUCING VISIBILITY
HIGHEST:    90 ON  9, 8 GRTST 24HR  0.30 ON 13-13      TO 1/4 MILE OR LESS
LOWEST:     54 ON  1                               3 = THUNDER
                        SNOW, ICE PELLETS, HAIL    4 = ICE PELLETS
                        TOTAL MONTH:   0.0 INCH    5 = HAIL
                        GRTST 24HR     0.0         6 = FREEZING RAIN OR DRIZZLE
                        GRTST DEPTH:   0           7 = DUSTSTORM OR SANDSTORM:
                                                       VSBY 1/2 MILE OR LESS
                                                   8 = SMOKE OR HAZE
[NO. OF DAYS WITH]      [WEATHER - DAYS WITH]      9 = BLOWING SNOW
                                                   X = TORNADO
MAX 32 OR BELOW:   0    0.01 INCH OR MORE:   4
MAX 90 OR ABOVE:   2    0.10 INCH OR MORE:   2
MIN 32 OR BELOW:   0    0.50 INCH OR MORE:   0
MIN  0 OR BELOW:   0    1.00 INCH OR MORE:   0

[HDD (BASE 65) ]
TOTAL THIS MO.     0    CLEAR  (SCALE 0-3)  11
DPTR FM NORMAL    -3    PTCLDY (SCALE 4-7)   7
TOTAL FM JUL 1   382    CLOUDY (SCALE 8-10)  0
DPTR FM NORMAL   -10

[CDD (BASE 65) ]
TOTAL THIS MO.   188
DPTR FM NORMAL    73    [PRESSURE DATA]
TOTAL FM JAN 1   537    HIGHEST SLP M ON M
DPTR FM NORMAL   145    LOWEST  SLP 29.94 ON 18

[REMARKS]
