000
CXUS51 KPHI 260800
CF6PHL
PRELIMINARY LOCAL CLIMATOLOGICAL DATA (WS FORM: F-6)

                                          STATION:   PHILADELPHIA PA
                                          MONTH:     APRIL
                                          YEAR:      2015
                                          LATITUDE:   39 52 N
                                          LONGITUDE:  75 15 W

  TEMPERATURE IN F:       :PCPN:    SNOW:  WIND      :SUNSHINE: SKY     :PK WND
================================================================================
1   2   3   4   5  6A  6B    7    8   9   10  11  12  13   14  15   16   17  18
                                     12Z  AVG MX 2MIN
DY MAX MIN AVG DEP HDD CDD  WTR  SNW DPTH SPD SPD DIR MIN PSBL S-S WX    SPD DR
================================================================================

 1  56  34  45  -4  20   0 0.00  0.0    0  9.1 18 320   M    M   1        26 350
 2  67  37  52   3  13   0 0.00  0.0    0 12.5 29 200   M    M   4        37 210
 3  63  57  60  10   5   0 0.12  0.0    0  9.9 21 220   M    M  10 1      26 220
 4  63  42  53   3  12   0    T  0.0    0 19.1 36 330   M    M   5 1      45 310
 5  64  42  53   3  12   0 0.00  0.0    0 15.8 29 220   M    M   4        36 240
 6  75  39  57   6   8   0 0.00  0.0    0  8.6 23 220   M    M   5        30 200
 7  69  44  57   6   8   0 0.24  0.0    0  9.2 22  80   M    M   9 1      31  90
 8  44  39  42  -9  23   0 0.03  0.0    0 13.3 25  80   M    M  10 18     34  50
 9  43  39  41 -11  24   0 0.02  0.0    0 10.1 17  90   M    M  10 1      23  40
10  57  41  49  -3  16   0 0.07  0.0    0  8.1 22 320   M    M  10 1      28 320
11  63  47  55   3  10   0 0.00  0.0    0 12.7 29 330   M    M   4        39 280
12  67  38  53   0  12   0 0.00  0.0    0  5.8 15 190   M    M   2        20 220
13  75  44  60   7   5   0 0.00  0.0    0  9.1 22 230   M    M   5        27 200
14  63  52  58   4   7   0 0.12  0.0    0  6.5 17  20   M    M   9 1      22 230
15  70  48  59   5   6   0 0.00  0.0    0  8.0 24  20   M    M   7        32  30
16  71  50  61   7   4   0 0.00  0.0    0  9.3 17 180   M    M   8        22 190
17  74  55  65  10   0   0 0.15  0.0    0  7.9 17 250   M    M   8 1      21 250
18  81  54  68  13   0   3 0.00  0.0    0  6.9 18  30   M    M   5 1      24  10
19  67  49  58   3   7   0    T  0.0    0 12.8 20  80   M    M   8        24  90
20  76  50  63   7   2   0 2.01  0.0    0 10.8 29 230   M    M   9 135    35 230
21  66  51  59   3   6   0 0.82  0.0    0 11.7 25 310   M    M   6 1358   35 270
22  73  47  60   4   5   0    T  0.0    0 13.2 45 270   M    M   5        71 250
23  52  43  48  -9  17   0    T    M    0 15.1 28 280   M    M   7        38 260
24  57  39  48  -9  17   0 0.00  0.0    0 16.6 28 280   M    M   5        37 330
25  58  37  48  -9  17   0 0.00  0.0    0  9.2 16 240   M    M   7        20 240
================================================================================
SM 1614 1118       256   3  3.58     0.0 271.3          M      163
================================================================================
AV 64.6 44.7                              10.9 FASTST   M    M   7    MAX(MPH)
                                 MISC ---->  # 45 270               # 71  250
================================================================================
NOTES:
# LAST OF SEVERAL OCCURRENCES

COLUMN 17 PEAK WIND IN M.P.H.

PRELIMINARY LOCAL CLIMATOLOGICAL DATA (WS FORM: F-6) , PAGE 2

                                          STATION:  PHILADELPHIA PA
                                          MONTH:    APRIL
                                          YEAR:     2015
                                          LATITUDE:   39 52 N
                                          LONGITUDE:  75 15 W

[TEMPERATURE DATA]      [PRECIPITATION DATA]       SYMBOLS USED IN COLUMN 16

AVERAGE MONTHLY: 54.6   TOTAL FOR MONTH:   3.58    1 = FOG OR MIST
DPTR FM NORMAL:   1.5   DPTR FM NORMAL:    0.58    2 = FOG REDUCING VISIBILITY
HIGHEST:    81 ON 18    GRTST 24HR  2.75 ON 20-21      TO 1/4 MILE OR LESS
LOWEST:     34 ON  1                               3 = THUNDER
                        SNOW, ICE PELLETS, HAIL    4 = ICE PELLETS
                        TOTAL MONTH:   0.0 INCH    5 = HAIL
                        GRTST 24HR     0.0         6 = FREEZING RAIN OR DRIZZLE
                        GRTST DEPTH:   0           7 = DUSTSTORM OR SANDSTORM:
                                                       VSBY 1/2 MILE OR LESS
                                                   8 = SMOKE OR HAZE
[NO. OF DAYS WITH]      [WEATHER - DAYS WITH]      9 = BLOWING SNOW
                                                   X = TORNADO
MAX 32 OR BELOW:   0    0.01 INCH OR MORE:   9
MAX 90 OR ABOVE:   0    0.10 INCH OR MORE:   6
MIN 32 OR BELOW:   0    0.50 INCH OR MORE:   2
MIN  0 OR BELOW:   0    1.00 INCH OR MORE:   1

[HDD (BASE 65) ]
TOTAL THIS MO.   256    CLEAR  (SCALE 0-3)   2
DPTR FM NORMAL   -50    PTCLDY (SCALE 4-7)  16
TOTAL FM JUL 1  4702    CLOUDY (SCALE 8-10)  7
DPTR FM NORMAL   249

[CDD (BASE 65) ]
TOTAL THIS MO.     3
DPTR FM NORMAL    -4    [PRESSURE DATA]
TOTAL FM JAN 1     3    HIGHEST SLP M ON M
DPTR FM NORMAL    -5    LOWEST  SLP 29.53 ON  4

[REMARKS]
