000
CXUS51 KPHI 270800
CF6RDG
PRELIMINARY LOCAL CLIMATOLOGICAL DATA (WS FORM: F-6)

                                          STATION:   READING PA
                                          MONTH:     APRIL
                                          YEAR:      2015
                                          LATITUDE:   40 22 N
                                          LONGITUDE:  75 58 W

  TEMPERATURE IN F:       :PCPN:    SNOW:  WIND      :SUNSHINE: SKY     :PK WND
================================================================================
1   2   3   4   5  6A  6B    7    8   9   10  11  12  13   14  15   16   17  18
                                     12Z  AVG MX 2MIN
DY MAX MIN AVG DEP HDD CDD  WTR  SNW DPTH SPD SPD DIR MIN PSBL S-S WX    SPD DR
================================================================================

 1  54  28  41  -6  24   0 0.00    M    M  6.4 21 300   M    M   0        24 330
 2  65  28  47   0  18   0    T    M    M  9.8 24 200   M    M   2        30 200
 3  67  55  61  14   4   0 0.27    M    M  4.0 15 210   M    M   7 12     19 200
 4  59  41  50   2  15   0 0.00    M    M 17.8 33 300   M    M   4 1      41 300
 5  64  36  50   2  15   0 0.00    M    M 10.3 25 220   M    M   2        35 210
 6  74  36  55   7  10   0 0.00    M    M  6.3 24 190   M    M   1        33 220
 7  69  46  58   9   7   0 0.09    M    M  4.6 15  80   M    M   8 1      20  20
 8  46  39  43  -6  22   0 0.02    M    M  7.5 16  90   M    M  10 18     25  90
 9  42  38  40  -9  25   0 0.04    M    M  6.6 14 120   M    M  10 18     20  90
10  54  39  47  -3  18   0 0.03    M    M  3.5 14 110   M    M  10 18     18 110
11  59  40  50   0  15   0 0.00    M    M 11.6 28 310   M    M   1        36 320
12  68  30  49  -1  16   0 0.00    M    M  3.2 12 220   M    M   0        15 220
13  75  42  59   8   6   0 0.00    M    M  7.4 24 210   M    M   0        34 210
14  62  51  57   6   8   0 0.07    M    M  3.6 16  20   M    M   6 138    23  20
15  70  40  55   4  10   0 0.00    M    M  6.9 18  10   M    M   0        25  30
16  71  45  58   6   7   0    T    M    M  8.4 21 210   M    M   2        26 200
17  73  55  64  12   1   0 0.07    M    M  6.7 15 270   M    M   8        18 270
18  80  47  64  12   1   0 0.00    M    M  5.8 20  30   M    M   0 18     26  20
19  67  48  58   5   7   0 0.01    M    M  9.6 17 110   M    M   1        25 140
20  66  49  58   5   7   0 0.86    M    M  7.4 24 280   M    M   9 13     44 280
21  63  47  55   2  10   0 0.20    M    M  9.8 26 290   M    M   4 1      38 280
22  67  39  53  -1  12   0 0.03    M    M  9.4 39 300   M    M   5 13     47 300
23  48  37  43 -11  22   0    T    M    M 14.6 28 280   M    M   7        36 290
24  55  35  45  -9  20   0 0.00    M    M 15.2 28 300   M    M   4        38 290
25  57  31  44 -11  21   0 0.00    M    M  5.8 13 240   M    M   0        19 270
26  63  38  51  -4  14   0 0.00    M    M  5.4 16 360   M    M   2        22  20
================================================================================
SM 1638 1060       335   0  1.69    M    207.6          M      103
================================================================================
AV 63.0 40.8                               8.0 FASTST   M    M   4    MAX(MPH)
                                 MISC ---->  # 39 300               # 47  300
================================================================================
NOTES:
# LAST OF SEVERAL OCCURRENCES

COLUMN 17 PEAK WIND IN M.P.H.

PRELIMINARY LOCAL CLIMATOLOGICAL DATA (WS FORM: F-6) , PAGE 2

                                          STATION:  READING PA
                                          MONTH:    APRIL
                                          YEAR:     2015
                                          LATITUDE:   40 22 N
                                          LONGITUDE:  75 58 W

[TEMPERATURE DATA]      [PRECIPITATION DATA]       SYMBOLS USED IN COLUMN 16

AVERAGE MONTHLY: 51.9   TOTAL FOR MONTH:   1.69    1 = FOG OR MIST
DPTR FM NORMAL:   1.0   DPTR FM NORMAL:   -1.63    2 = FOG REDUCING VISIBILITY
HIGHEST:    80 ON 18    GRTST 24HR  0.91 ON 20-21      TO 1/4 MILE OR LESS
LOWEST:     28 ON  2, 1                            3 = THUNDER
                        SNOW, ICE PELLETS, HAIL    4 = ICE PELLETS
                        TOTAL MONTH:    M          5 = HAIL
                        GRTST 24HR    M  ON   M    6 = FREEZING RAIN OR DRIZZLE
                        GRTST DEPTH:  M  ON   M    7 = DUSTSTORM OR SANDSTORM:
                                                       VSBY 1/2 MILE OR LESS
                                                   8 = SMOKE OR HAZE
[NO. OF DAYS WITH]      [WEATHER - DAYS WITH]      9 = BLOWING SNOW
                                                   X = TORNADO
MAX 32 OR BELOW:   0    0.01 INCH OR MORE:  11
MAX 90 OR ABOVE:   0    0.10 INCH OR MORE:   3
MIN 32 OR BELOW:   4    0.50 INCH OR MORE:   1
MIN  0 OR BELOW:   0    1.00 INCH OR MORE:   0

[HDD (BASE 65) ]
TOTAL THIS MO.   335    CLEAR  (SCALE 0-3)  13
DPTR FM NORMAL   -37    PTCLDY (SCALE 4-7)   8
TOTAL FM JUL 1  5560    CLOUDY (SCALE 8-10)  5
DPTR FM NORMAL   403

[CDD (BASE 65) ]
TOTAL THIS MO.     0
DPTR FM NORMAL     0    [PRESSURE DATA]
TOTAL FM JAN 1     0    HIGHEST SLP M ON M
DPTR FM NORMAL     0    LOWEST  SLP 29.53 ON  4

[REMARKS]
