000
CXUS54 KLZK 201330
CF6SRC
PRELIMINARY LOCAL CLIMATOLOGICAL DATA (WS FORM: F-6)

                                          STATION:   Searcy Airport
                                          MONTH:     APRIL
                                          YEAR:      2015
                                          LATITUDE:   35 12 N
                                          LONGITUDE:  91 44 W

  TEMPERATURE IN F:       :PCPN:    SNOW:  WIND      :SUNSHINE: SKY     :PK WND
================================================================================
1   2   3   4   5  6A  6B    7    8   9   10  11  12  13   14  15   16   17  18
                                     12Z  AVG MX 2MIN
DY MAX MIN AVG DEP HDD CDD  WTR  SNW DPTH SPD SPD DIR MIN PSBL S-S WX    SPD DR
================================================================================

 1  80  56  68  12   0   3 0.99  0.0    0  6.3 13 170   M    M   8 12     16  99
 2  77  61  69  13   0   4 0.00  0.0    0  8.8 15 190   M    M  10        16 210
 3  77  51  64   7   1   0    T  0.0    0 10.2 14 360   M    M  10        25 220
 4  62  40  51  -6  14   0 0.00  0.0    0  7.1 14  50   M    M  10        23  50
 5  56  38  47 -10  18   0 0.03    M    0  3.5  9 190   M    M  10         M  M
 6  77  53  65   7   0   0 0.01  0.0    0  6.3 13 190   M    M   8 1      24 200
 7  83  66  75  17   0  10    T  0.0    0 10.7 17 200   M    M   7        25 200
 8  84  65  75  17   0  10    T  0.0    0 10.3 17 180   M    M  10        27 180
 9  84  66  75  17   0  10 0.51  0.0    0 11.3 18 200   M    M   0 1      27 200
10  70  48  59   0   6   0 0.00  0.0    0  5.8 12 360   M    M   0        23 330
11  74  42  58  -1   7   0 0.00  0.0    0  4.0 10 110   M    M   0        17 110
12  81  46  64   5   1   0 0.00  0.0    0  5.7 13 120   M    M   0        16 160
13  72  59  66   6   0   1 1.92  0.0    0  8.3 15  40   M    M   0 1      21 350
14  68  55  62   2   3   0 0.02  0.0    0 11.5 17  40   M    M   6        24  40
15  71  57  64   4   1   0 0.26  0.0    0  3.4  8  90   M    M   9 12      M  M
16  76  54  65   5   0   0 0.01  0.0    0  3.0  8  80   M    M   6 12      M  M
17  74  59  67   6   0   2 0.93  0.0    0  2.7  8  80   M    M   3 1       M  M
18  74  57  66   5   0   1 0.08  0.0    0  2.7  8  80   M    M   7 12      M  M
19  80  57  69   8   0   4 0.11  0.0    0  5.3 18 310   M    M   6 1      35 310
================================================================================
SM 1420 1030        51  45  4.87     0.0 126.9          M      110
================================================================================
AV 74.7 54.2                               6.7 FASTST   M    M   6    MAX(MPH)
                                 MISC ---->    18   M               # 35  310
================================================================================
NOTES:
# LAST OF SEVERAL OCCURRENCES

COLUMN 17 PEAK WIND IN M.P.H.

PRELIMINARY LOCAL CLIMATOLOGICAL DATA (WS FORM: F-6) , PAGE 2

                                          STATION:  Searcy Airport
                                          MONTH:    APRIL
                                          YEAR:     2015
                                          LATITUDE:   35 12 N
                                          LONGITUDE:  91 44 W

[TEMPERATURE DATA]      [PRECIPITATION DATA]       SYMBOLS USED IN COLUMN 16

AVERAGE MONTHLY: 64.5   TOTAL FOR MONTH:   4.87    1 = FOG OR MIST
DPTR FM NORMAL:   5.8   DPTR FM NORMAL:    1.87    2 = FOG REDUCING VISIBILITY
HIGHEST:    84 ON  9, 8 GRTST 24HR  1.92 ON 13-13      TO 1/4 MILE OR LESS
LOWEST:     38 ON  5                               3 = THUNDER
                        SNOW, ICE PELLETS, HAIL    4 = ICE PELLETS
                        TOTAL MONTH:   0.0 INCH    5 = HAIL
                        GRTST 24HR     0.0         6 = FREEZING RAIN OR DRIZZLE
                        GRTST DEPTH:   0           7 = DUSTSTORM OR SANDSTORM:
                                                       VSBY 1/2 MILE OR LESS
                                                   8 = SMOKE OR HAZE
[NO. OF DAYS WITH]      [WEATHER - DAYS WITH]      9 = BLOWING SNOW
                                                   X = TORNADO
MAX 32 OR BELOW:   0    0.01 INCH OR MORE:  11
MAX 90 OR ABOVE:   0    0.10 INCH OR MORE:   6
MIN 32 OR BELOW:   0    0.50 INCH OR MORE:   4
MIN  0 OR BELOW:   0    1.00 INCH OR MORE:   1

[HDD (BASE 65) ]
TOTAL THIS MO.    51    CLEAR  (SCALE 0-3)   5
DPTR FM NORMAL   -89    PTCLDY (SCALE 4-7)   7
TOTAL FM JUL 1  3528    CLOUDY (SCALE 8-10)  7
DPTR FM NORMAL    72

[CDD (BASE 65) ]
TOTAL THIS MO.    45
DPTR FM NORMAL    25    [PRESSURE DATA]
TOTAL FM JAN 1    47    HIGHEST SLP M ON M
DPTR FM NORMAL    18    LOWEST  SLP M ON M

[REMARKS]
