000
CXUS53 KOAX 191000
CF6TQE
PRELIMINARY LOCAL CLIMATOLOGICAL DATA (WS FORM: F-6)

                                          STATION:   TEKAMAH, NEBRASKA
                                          MONTH:     APRIL
                                          YEAR:      2015
                                          LATITUDE:   41 46 N
                                          LONGITUDE:  96 11 W

  TEMPERATURE IN F:       :PCPN:    SNOW:  WIND      :SUNSHINE: SKY     :PK WND
================================================================================
1   2   3   4   5  6A  6B    7    8   9   10  11  12  13   14  15   16   17  18
                                     12Z  AVG MX 2MIN
DY MAX MIN AVG DEP HDD CDD  WTR  SNW DPTH SPD SPD DIR MIN PSBL S-S WX    SPD DR
================================================================================

 1  89  44  67  22   0   2 0.92    M    M 20.7 39 170   M    M   1 138    46 330
 2  66  45  56  10   9   0 0.06    M    M 10.7 32 340   M    M   5 1      41 350
 3  51  29  40  -6  25   0    T    M    M 14.5 26 330   M    M   2        32 350
 4  70  30  50   3  15   0 0.00    M    M 16.2 31 200   M    M   1        37 240
 5  75  36  56   9   9   0 0.00    M    M 15.8 28 190   M    M   0 8      34 190
 6  56  50  53   6  12   0    T    M    M 11.0 28 180   M    M  10 18     33 180
 7  53  43  48   0  17   0    T    M    M 12.8 23  30   M    M  10 1      26  30
 8  48  42  45  -3  20   0 0.01    M    M 10.1 18  20   M    M  10 1      21  20
 9  48  34  41  -7  24   0 0.72    M    M 18.2 31 360   M    M   8 1      37 350
10  62  38  50   1  15   0 0.00    M    M 11.5 24 330   M    M   0        31 340
11  76  35  56   7   9   0 0.00    M    M 14.4 30 170   M    M   1 8      34 170
12  81  49  65  15   0   0 0.31    M    M 17.8 38 280   M    M   4 13     48 280
13  69  41  55   5  10   0 0.00    M    M 11.7 23 320   M    M   0        30 320
14  74  38  56   6   9   0 0.00    M    M  9.6 22 180   M    M   0        26 160
15  60  38  49  -2  16   0    T    M    M 11.3 28 140   M    M   7        33 140
16  73  46  60   9   5   0 0.00    M    M  2.9 10  80   M    M   4        13  80
17  79  52  66  14   0   1    T    M    M  5.8 14 120   M    M   4        18  70
18  65  54  60   8   5   0 0.32    M    M  8.3 16 140   M    M   8 13     19  70
================================================================================
SM 1195  744       200   3  2.34    M    223.3          M       75
================================================================================
AV 66.4 41.3                              12.4 FASTST   M    M   4    MAX(MPH)
                                 MISC ---->  # 39 170               # 48  280
================================================================================
NOTES:
# LAST OF SEVERAL OCCURRENCES

COLUMN 17 PEAK WIND IN M.P.H.

PRELIMINARY LOCAL CLIMATOLOGICAL DATA (WS FORM: F-6) , PAGE 2

                                          STATION:  TEKAMAH, NEBRASKA
                                          MONTH:    APRIL
                                          YEAR:     2015
                                          LATITUDE:   41 46 N
                                          LONGITUDE:  96 11 W

[TEMPERATURE DATA]      [PRECIPITATION DATA]       SYMBOLS USED IN COLUMN 16

AVERAGE MONTHLY: 53.9   TOTAL FOR MONTH:   2.34    1 = FOG OR MIST
DPTR FM NORMAL:   5.2   DPTR FM NORMAL:    0.80    2 = FOG REDUCING VISIBILITY
HIGHEST:    89 ON  1    GRTST 24HR  0.98 ON  1- 2      TO 1/4 MILE OR LESS
LOWEST:     29 ON  3                               3 = THUNDER
                        SNOW, ICE PELLETS, HAIL    4 = ICE PELLETS
                        TOTAL MONTH:    M          5 = HAIL
                        GRTST 24HR    M  ON   M    6 = FREEZING RAIN OR DRIZZLE
                        GRTST DEPTH:  M  ON   M    7 = DUSTSTORM OR SANDSTORM:
                                                       VSBY 1/2 MILE OR LESS
                                                   8 = SMOKE OR HAZE
[NO. OF DAYS WITH]      [WEATHER - DAYS WITH]      9 = BLOWING SNOW
                                                   X = TORNADO
MAX 32 OR BELOW:   0    0.01 INCH OR MORE:   6
MAX 90 OR ABOVE:   0    0.10 INCH OR MORE:   4
MIN 32 OR BELOW:   2    0.50 INCH OR MORE:   2
MIN  0 OR BELOW:   0    1.00 INCH OR MORE:   0

[HDD (BASE 65) ]
TOTAL THIS MO.   200    CLEAR  (SCALE 0-3)   8
DPTR FM NORMAL   -98    PTCLDY (SCALE 4-7)   5
TOTAL FM JUL 1  5805    CLOUDY (SCALE 8-10)  5
DPTR FM NORMAL  -391

[CDD (BASE 65) ]
TOTAL THIS MO.     3
DPTR FM NORMAL     3    [PRESSURE DATA]
TOTAL FM JAN 1     3    HIGHEST SLP M ON M
DPTR FM NORMAL     3    LOWEST  SLP 29.48 ON  1

[REMARKS]
