000
CXUS54 KJAN 251200
CF6TVR
PRELIMINARY LOCAL CLIMATOLOGICAL DATA (WS FORM: F-6)

                                          STATION:   VICKSBURG
                                          MONTH:     APRIL
                                          YEAR:      2015
                                          LATITUDE:   32 20 N
                                          LONGITUDE:  91  2 W

  TEMPERATURE IN F:       :PCPN:    SNOW:  WIND      :SUNSHINE: SKY     :PK WND
================================================================================
1   2   3   4   5  6A  6B    7    8   9   10  11  12  13   14  15   16   17  18
                                     12Z  AVG MX 2MIN
DY MAX MIN AVG DEP HDD CDD  WTR  SNW DPTH SPD SPD DIR MIN PSBL S-S WX    SPD DR
================================================================================

 1  82  60  71  10   0   6 0.00  0.0    0  6.4 17 190   M    M   3        24 180
 2  86  67  77  16   0  12 0.01  0.0    0  9.8 20 200   M    M   4        33 210
 3  88  58  73  12   0   8 0.93  0.0    0 11.8 26  10   M    M   5 13     36 360
 4  66  46  56  -6   9   0    T  0.0    0 13.2 25  20   M    M   1        33  20
 5  61  44  53  -9  12   0 0.24  0.0    0  5.0 13 140   M    M   4 1      17 140
 6  81  57  69   7   0   4 0.01  0.0    0  6.9 16 170   M    M   5 1      20 170
 7  83  67  75  13   0  10    T  0.0    0  7.9 15 180   M    M   0 1      20 180
 8  86  61  74  11   0   9 0.00  0.0    0  6.8 15 180   M    M   4 12     22 160
 9  84  70  77  14   0  12    T  0.0    0  8.8 23 170   M    M   4        29 180
10  75  56  66   3   0   1 1.03  0.0    0  7.9 21  10   M    M   6 13     25  20
11  78  47  63   0   2   0 0.00  0.0    0  5.8 13  50   M    M   0        15  60
12  80  60  70   6   0   5    T  0.0    0  6.4 14 160   M    M   3        20 180
13  75  64  70   6   0   5 0.07  0.0    0  5.4 14 140   M    M   7 12     16 150
14  71  64  68   4   0   3 0.13  0.0    0  2.9 12 150   M    M   8 12     14 150
15  79  64  72   8   0   7 0.00  0.0    0  4.4 13 180   M    M   7 1      17 180
16  76  62  69   4   0   4 0.01  0.0    0  3.3 17 120   M    M   5 123    22 130
17  81  63  72   7   0   7 0.01  0.0    0  4.2 17  10   M    M   4 1      21  20
18  72  65  69   4   0   4 0.88  0.0    0  5.6 13 110   M    M  10 1      16 110
19  80  63  72   7   0   7 1.26  0.0    0  7.0 20 210   M    M   4 13     36 200
20  71  52  62  -4   3   0 0.00  0.0    0  5.7 16 290   M    M   1        26 290
21  75  51  63  -3   2   0    T  0.0    0  4.4 14  80   M    M   2 1      16  80
22  82  53  68   2   0   3 0.68  0.0    0  3.8 35 320   M    M   4 13     58 320
23  72  60  66  -1   0   1 0.08  0.0    0  7.7 15  50   M    M   6 1      18 310
24  76  61  69   2   0   4 0.01  0.0    0  9.0 16 150   M    M   6        19 140
================================================================================
SM 1860 1415        28 112  5.35     0.0 160.1          M      103
================================================================================
AV 77.5 59.0                               6.7 FASTST   M    M   4    MAX(MPH)
                                 MISC ---->  # 35 320               # 58  320
================================================================================
NOTES:
# LAST OF SEVERAL OCCURRENCES

COLUMN 17 PEAK WIND IN M.P.H.

PRELIMINARY LOCAL CLIMATOLOGICAL DATA (WS FORM: F-6) , PAGE 2

                                          STATION:  VICKSBURG
                                          MONTH:    APRIL
                                          YEAR:     2015
                                          LATITUDE:   32 20 N
                                          LONGITUDE:  91  2 W

[TEMPERATURE DATA]      [PRECIPITATION DATA]       SYMBOLS USED IN COLUMN 16

AVERAGE MONTHLY: 68.2   TOTAL FOR MONTH:   5.35    1 = FOG OR MIST
DPTR FM NORMAL:   4.4   DPTR FM NORMAL:    1.32    2 = FOG REDUCING VISIBILITY
HIGHEST:    88 ON  3    GRTST 24HR  2.14 ON 18-19      TO 1/4 MILE OR LESS
LOWEST:     44 ON  5                               3 = THUNDER
                        SNOW, ICE PELLETS, HAIL    4 = ICE PELLETS
                        TOTAL MONTH:   0.0 INCH    5 = HAIL
                        GRTST 24HR     0.0         6 = FREEZING RAIN OR DRIZZLE
                        GRTST DEPTH:   0           7 = DUSTSTORM OR SANDSTORM:
                                                       VSBY 1/2 MILE OR LESS
                                                   8 = SMOKE OR HAZE
[NO. OF DAYS WITH]      [WEATHER - DAYS WITH]      9 = BLOWING SNOW
                                                   X = TORNADO
MAX 32 OR BELOW:   0    0.01 INCH OR MORE:  14
MAX 90 OR ABOVE:   0    0.10 INCH OR MORE:   7
MIN 32 OR BELOW:   0    0.50 INCH OR MORE:   5
MIN  0 OR BELOW:   0    1.00 INCH OR MORE:   2

[HDD (BASE 65) ]
TOTAL THIS MO.    28    CLEAR  (SCALE 0-3)   6
DPTR FM NORMAL   -63    PTCLDY (SCALE 4-7)  17
TOTAL FM JUL 1  2509    CLOUDY (SCALE 8-10)  1
DPTR FM NORMAL   177

[CDD (BASE 65) ]
TOTAL THIS MO.   112
DPTR FM NORMAL    51    [PRESSURE DATA]
TOTAL FM JAN 1   134    HIGHEST SLP M ON M
DPTR FM NORMAL    41    LOWEST  SLP 29.65 ON 19

[REMARKS]
