000
CXUS51 KAKQ 271010
CF6WAL
PRELIMINARY LOCAL CLIMATOLOGICAL DATA (WS FORM: F-6)

                                          STATION:   WALLOPS ISLAND VA
                                          MONTH:     APRIL
                                          YEAR:      2015
                                          LATITUDE:   37 55 N
                                          LONGITUDE:  75 28 W

  TEMPERATURE IN F:       :PCPN:    SNOW:  WIND      :SUNSHINE: SKY     :PK WND
================================================================================
1   2   3   4   5  6A  6B    7    8   9   10  11  12  13   14  15   16   17  18
                                     12Z  AVG MX 2MIN
DY MAX MIN AVG DEP HDD CDD  WTR  SNW DPTH SPD SPD DIR MIN PSBL S-S WX    SPD DR
================================================================================

 1  54  35  45  -5  20   0 0.00  0.0    0 10.0 22  10   M    M   1        32  30
 2  58  31  45  -5  20   0 0.00  0.0    0 13.8 26 220   M    M   0        35 220
 3  68  53  61  11   4   0 0.05  0.0    0 14.8 23 210   M    M   5 1      33 240
 4  67  36  52   2  13   0    T  0.0    0 14.2 31 330   M    M   2        44 350
 5  60  32  46  -5  19   0 0.00  0.0    0 12.1 25 210   M    M   0        37 310
 6  67  44  56   5   9   0 0.00  0.0    0 13.8 26 210   M    M   1        33 200
 7  63  52  58   7   7   0 0.11  0.0    0  6.9 15 220   M    M   8 1      20 220
 8  56  43  50  -2  15   0 0.04  0.0    0 11.0 17  60   M    M  10 12     21  70
 9  49  43  46  -6  19   0 0.01  0.0    0 11.9 22  70   M    M  10 1      27  70
10  68  45  57   5   8   0 0.37  0.0    0  9.5 29 240   M    M   6 1238   36 250
11  68  47  58   5   7   0    T  0.0    0  8.7 21 320   M    M   0        28 350
12  58  37  48  -5  17   0 0.00  0.0    0  7.5 14  80   M    M   0        17 330
13  68  46  57   4   8   0 0.00  0.0    0 10.5 20 200   M    M   2        25 190
14  64  50  57   3   8   0 1.48  0.0    0 10.7 23  60   M    M   8 12     31  50
15  66  49  58   4   7   0    T  0.0    0  7.1 17  40   M    M   4        24  40
16  66  45  56   2   9   0 0.00  0.0    0  6.5 16  60   M    M   3        19  90
17  69  55  62   8   3   0 0.04  0.0    0 10.1 17 180   M    M   7 1      22 190
18  73  54  64   9   1   0 0.00  0.0    0  6.0 21  60   M    M   1 1      24  40
19  63  54  59   4   6   0 0.07  0.0    0 17.7 26 110   M    M   5 1      35 110
20  71  58  65  10   0   0 1.06  0.0    0 14.0 28 160   M    M   5 1      38 170
21  69  50  60   4   5   0 0.00  0.0    0 11.5 22 300   M    M   3        31 300
22  68  48  58   2   7   0    T  0.0    0 10.7 26 190   M    M   2        35 190
23  60  45  53  -3  12   0    T  0.0    0 10.6 25 290   M    M   4        34 300
24  57  39  48  -8  17   0 0.00  0.0    0 11.0 24 310   M    M   2        33 310
25  49  41  45 -12  20   0 0.36  0.0    0  5.3 17  70   M    M   6 1      21  60
26  59  42  51  -6  14   0 0.01  0.0    0  6.5 13  70   M    M   5 1      17  60
================================================================================
SM 1638 1174       275   0  3.60     0.0 272.4          M      100
================================================================================
AV 63.0 45.2                              10.5 FASTST   M    M   4    MAX(MPH)
                                 MISC ---->  # 31 330               # 44  350
================================================================================
NOTES:
# LAST OF SEVERAL OCCURRENCES

COLUMN 17 PEAK WIND IN M.P.H.

PRELIMINARY LOCAL CLIMATOLOGICAL DATA (WS FORM: F-6) , PAGE 2

                                          STATION:  WALLOPS ISLAND VA
                                          MONTH:    APRIL
                                          YEAR:     2015
                                          LATITUDE:   37 55 N
                                          LONGITUDE:  75 28 W

[TEMPERATURE DATA]      [PRECIPITATION DATA]       SYMBOLS USED IN COLUMN 16

AVERAGE MONTHLY: 54.1   TOTAL FOR MONTH:   3.60    1 = FOG OR MIST
DPTR FM NORMAL:   0.7   DPTR FM NORMAL:    0.88    2 = FOG REDUCING VISIBILITY
HIGHEST:    73 ON 18    GRTST 24HR  1.48 ON 14-14      TO 1/4 MILE OR LESS
LOWEST:     31 ON  2                               3 = THUNDER
                        SNOW, ICE PELLETS, HAIL    4 = ICE PELLETS
                        TOTAL MONTH:   0.0 INCH    5 = HAIL
                        GRTST 24HR     0.0         6 = FREEZING RAIN OR DRIZZLE
                        GRTST DEPTH:   0           7 = DUSTSTORM OR SANDSTORM:
                                                       VSBY 1/2 MILE OR LESS
                                                   8 = SMOKE OR HAZE
[NO. OF DAYS WITH]      [WEATHER - DAYS WITH]      9 = BLOWING SNOW
                                                   X = TORNADO
MAX 32 OR BELOW:   0    0.01 INCH OR MORE:  11
MAX 90 OR ABOVE:   0    0.10 INCH OR MORE:   5
MIN 32 OR BELOW:   2    0.50 INCH OR MORE:   2
MIN  0 OR BELOW:   0    1.00 INCH OR MORE:   2

[HDD (BASE 65) ]
TOTAL THIS MO.   275    CLEAR  (SCALE 0-3)  12
DPTR FM NORMAL   -37    PTCLDY (SCALE 4-7)  11
TOTAL FM JUL 1  4306    CLOUDY (SCALE 8-10)  3
DPTR FM NORMAL   295

[CDD (BASE 65) ]
TOTAL THIS MO.     0
DPTR FM NORMAL    -4    [PRESSURE DATA]
TOTAL FM JAN 1     0    HIGHEST SLP M ON M
DPTR FM NORMAL    -5    LOWEST  SLP 29.61 ON 26

[REMARKS]
