000
CDUS43 KUNR 210832
CLI2WX


CLIMATE REPORT
NATIONAL WEATHER SERVICE RAPID CITY SD
231 AM MDT TUE APR 21 2015


...................................

...THE BUFFALO SD CLIMATE SUMMARY FOR APRIL 20 2015...

CLIMATE NORMAL PERIOD 1981 TO 2010
CLIMATE RECORD PERIOD 9999 TO 9999


WEATHER ITEM   OBSERVED TIME   NORMAL DEPARTURE LAST
                VALUE   (LST)  VALUE  FROM      YEAR
                                      NORMAL
......................................................
TEMPERATURE (F)
 YESTERDAY
  MAXIMUM         51    254 PM  57     -6       70
  MINIMUM         28   1116 PM  33     -5       39
  AVERAGE         40            45     -5       55

PRECIPITATION (IN)
  YESTERDAY        0.00          0.04  -0.04     0.00
  MONTH TO DATE    0.45          0.88  -0.43     0.27
  SINCE MAR 1      0.86          1.65  -0.79     1.15
  SINCE JAN 1      1.33          2.22  -0.89     1.73

DEGREE DAYS
 HEATING
  YESTERDAY       25            20      5       10
  MONTH TO DATE  413           469    -56      511
  SINCE MAR 1   1130          1475   -345     1620
  SINCE JUL 1   6588          7272   -684     7677

 COOLING
  YESTERDAY        0             0      0        0
  MONTH TO DATE    0             0      0        0
  SINCE MAR 1      0             0      0        0
  SINCE JAN 1      0             0      0        0
......................................................


WIND (MPH)
  HIGHEST WIND SPEED    33   HIGHEST WIND DIRECTION    NW (330)
  HIGHEST GUST SPEED    39   HIGHEST GUST DIRECTION    NW (330)
  AVERAGE WIND SPEED    17.6




RELATIVE HUMIDITY (PERCENT)
 HIGHEST    69           300 AM
 LOWEST     29           200 PM
 AVERAGE    49

..........................................................




SUNRISE AND SUNSET
APRIL 21 2015.........SUNRISE   559 AM MDT   SUNSET   748 PM MDT
APRIL 22 2015.........SUNRISE   557 AM MDT   SUNSET   749 PM MDT


-  INDICATES NEGATIVE NUMBERS.
R  INDICATES RECORD WAS SET OR TIED.
MM INDICATES DATA IS MISSING.
T  INDICATES TRACE AMOUNT.




$$
