000
CDUS41 KPHI 250627
CLIABE


CLIMATE REPORT
NATIONAL WEATHER SERVICE MOUNT HOLLY NJ
226 AM EDT SAT APR 25 2015


...................................

...THE ALLENTOWN PA CLIMATE SUMMARY FOR APRIL 24 2015...

CLIMATE NORMAL PERIOD 1981 TO 2010
CLIMATE RECORD PERIOD 1922 TO 2015


WEATHER ITEM   OBSERVED TIME   RECORD YEAR NORMAL DEPARTURE LAST
                VALUE   (LST)  VALUE       VALUE  FROM      YEAR
                                                  NORMAL
..................................................................
TEMPERATURE (F)
 YESTERDAY
  MAXIMUM         55    444 PM  86    1960  65    -10       61
  MINIMUM         35   1138 PM  29    1930  41     -6       38
  AVERAGE         45                        53     -8       50

PRECIPITATION (IN)
  YESTERDAY        T             2.52 1968   0.11  -0.11     0.00
  MONTH TO DATE    1.77                      2.85  -1.08     2.63
  SINCE MAR 1      6.24                      6.24   0.00     5.07
  SINCE JAN 1     10.79                     11.97  -1.18    14.06

SNOWFALL (IN)
  YESTERDAY        0.0           T    1971   0.0    0.0      0.0
  MONTH TO DATE    T                         0.9   -0.9      0.3
  SINCE MAR 1     17.8                       5.8   12.0      1.4
  SINCE JUL 1     50.1                      32.8   17.3     68.1
  SNOW DEPTH       0

DEGREE DAYS
 HEATING
  YESTERDAY       20                        12      8       15
  MONTH TO DATE  336                       389    -53      375
  SINCE MAR 1   1290                      1192     98     1337
  SINCE JUL 1   5771                      5501    270     5935

 COOLING
  YESTERDAY        0                         0      0        0
  MONTH TO DATE    0                         0      0        7
  SINCE MAR 1      0                         0      0        7
  SINCE JAN 1      0                         0      0        7
..................................................................


WIND (MPH)
  HIGHEST WIND SPEED    26   HIGHEST WIND DIRECTION    NW (330)
  HIGHEST GUST SPEED    33   HIGHEST GUST DIRECTION     W (290)
  AVERAGE WIND SPEED    12.2


SKY COVER
  POSSIBLE SUNSHINE  MM
  AVERAGE SKY COVER 0.5


WEATHER CONDITIONS
 THE FOLLOWING WEATHER WAS RECORDED YESTERDAY.
  LIGHT RAIN


RELATIVE HUMIDITY (PERCENT)
 HIGHEST    52           200 AM
 LOWEST     19           500 PM
 AVERAGE    36

..........................................................


THE ALLENTOWN PA CLIMATE NORMALS FOR TODAY
                         NORMAL    RECORD    YEAR
 MAXIMUM TEMPERATURE (F)   65        89      1960
 MINIMUM TEMPERATURE (F)   42        27      1956
                                             1936


SUNRISE AND SUNSET
APRIL 25 2015.........SUNRISE   609 AM EDT   SUNSET   751 PM EDT
APRIL 26 2015.........SUNRISE   607 AM EDT   SUNSET   752 PM EDT


-  INDICATES NEGATIVE NUMBERS.
R  INDICATES RECORD WAS SET OR TIED.
MM INDICATES DATA IS MISSING.
T  INDICATES TRACE AMOUNT.




$$
