000
CDUS44 KSJT 202234
CLIABI


CLIMATE REPORT
NATIONAL WEATHER SERVICE SAN ANGELO TX
534 PM CDT MON APR 20 2015


...................................

...THE ABILENE CLIMATE SUMMARY FOR APRIL 20 2015...
VALID TODAY AS OF 0500 PM LOCAL TIME.

CLIMATE NORMAL PERIOD 1981 TO 2010
CLIMATE RECORD PERIOD 1886 TO 2015


WEATHER ITEM   OBSERVED TIME   RECORD YEAR NORMAL DEPARTURE LAST
                VALUE   (LST)  VALUE       VALUE  FROM      YEAR
                                                  NORMAL
..................................................................
TEMPERATURE (F)
 TODAY
  MAXIMUM         72    351 PM  96    1984  79     -7       70
  MINIMUM         44    326 AM  38    1953  53     -9       63
  AVERAGE         58                        66     -8       67

PRECIPITATION (IN)
  TODAY            0.00          1.22 1927   0.06  -0.06     0.35
  MONTH TO DATE    1.19                      0.97   0.22     0.56
  SINCE MAR 1      2.79                      2.71   0.08     1.23
  SINCE JAN 1      6.30                      5.09   1.21     1.72

SNOWFALL (IN)
  TODAY            0.0           0.0  2002   0.0    0.0      0.0
  MONTH TO DATE    0.0                       0.3   -0.3       T
  SINCE NOV 1      3.7                       4.7   -1.0      3.1
  SINCE JUL 1      3.7                       4.7   -1.0      3.1

DEGREE DAYS
 HEATING
  TODAY            7                         3      4        0
  MONTH TO DATE   42                        91    -49       88
  SINCE MAR 1    368                       389    -21      428
  SINCE JUL 1   2445                      2522    -77     2790

 COOLING
  TODAY            0                         4     -4        2
  MONTH TO DATE   90                        54     36       82
  SINCE MAR 1    137                        83     54      121
  SINCE JAN 1    141                        88     53      126
..................................................................


WIND (MPH)
  HIGHEST WIND SPEED    14   HIGHEST WIND DIRECTION     E (80)
  HIGHEST GUST SPEED    17   HIGHEST GUST DIRECTION     E (70)
  AVERAGE WIND SPEED     4.7


SKY COVER
  POSSIBLE SUNSHINE  MM
  AVERAGE SKY COVER 0.0


WEATHER CONDITIONS
 THE FOLLOWING WEATHER WAS RECORDED TODAY.
  NO SIGNIFICANT WEATHER WAS OBSERVED.


RELATIVE HUMIDITY (PERCENT)
 HIGHEST    86           500 AM
 LOWEST     25           400 PM
 AVERAGE    56

..........................................................


THE ABILENE CLIMATE NORMALS FOR TOMORROW
                         NORMAL    RECORD    YEAR
 MAXIMUM TEMPERATURE (F)   79        98      1940
 MINIMUM TEMPERATURE (F)   53        35      1918


SUNRISE AND SUNSET
APRIL 20 2015.........SUNRISE   704 AM CDT   SUNSET   812 PM CDT
APRIL 21 2015.........SUNRISE   703 AM CDT   SUNSET   813 PM CDT


-  INDICATES NEGATIVE NUMBERS.
R  INDICATES RECORD WAS SET OR TIED.
MM INDICATES DATA IS MISSING.
T  INDICATES TRACE AMOUNT.




$$
