000
CDUS43 KABR 280911
CLIABR


CLIMATE REPORT
NATIONAL WEATHER SERVICE ABERDEEN SD
410 AM CDT TUE APR 28 2015


...................................

...THE ABERDEEN SD CLIMATE SUMMARY FOR APRIL 27 2015...

CLIMATE NORMAL PERIOD 1981 TO 2010
CLIMATE RECORD PERIOD 1893 TO 2015


WEATHER ITEM   OBSERVED TIME   RECORD YEAR NORMAL DEPARTURE LAST
                VALUE   (LST)  VALUE       VALUE  FROM      YEAR
                                                  NORMAL
..................................................................
TEMPERATURE (F)
 YESTERDAY
  MAXIMUM         75    406 PM  91    1897  63     12       45
  MINIMUM         30    554 AM  17    2005  37     -7       39
  AVERAGE         53                        50      3       42

PRECIPITATION (IN)
  YESTERDAY        0.00          2.28 1938   0.09  -0.09     1.28
  MONTH TO DATE    0.51                      1.59  -1.08     1.47
  SINCE MAR 1      0.74                      2.75  -2.01     2.24
  SINCE JAN 1      1.79                      3.77  -1.98     2.68

SNOWFALL (IN)
  YESTERDAY        0.0
  MONTH TO DATE    0.0
  SINCE OCT 1     20.2
  SINCE JUL 1     20.2
  SNOW DEPTH       0

DEGREE DAYS
 HEATING
  YESTERDAY       12                        15     -3       23
  MONTH TO DATE  457                       577   -120      648
  SINCE MAR 1   1382                      1665   -283     1870
  SINCE JUL 1   7650                      8128   -478     9029

 COOLING
  YESTERDAY        0                         0      0        0
  MONTH TO DATE    0                         0      0        0
  SINCE MAR 1      0                         0      0        0
  SINCE JAN 1      0                         0      0        0
..................................................................


WIND (MPH)
  HIGHEST WIND SPEED    25   HIGHEST WIND DIRECTION     N (340)
  HIGHEST GUST SPEED    31   HIGHEST GUST DIRECTION     N (340)
  AVERAGE WIND SPEED     7.4


SKY COVER
  POSSIBLE SUNSHINE  MM
  AVERAGE SKY COVER 0.2


WEATHER CONDITIONS
 THE FOLLOWING WEATHER WAS RECORDED YESTERDAY.
  NO SIGNIFICANT WEATHER WAS OBSERVED.


RELATIVE HUMIDITY (PERCENT)
 HIGHEST    78           500 AM
 LOWEST     16           200 PM
 AVERAGE    47

..........................................................


THE ABERDEEN SD CLIMATE NORMALS FOR TODAY
                         NORMAL    RECORD    YEAR
 MAXIMUM TEMPERATURE (F)   63        90      1934
 MINIMUM TEMPERATURE (F)   37        19      2008


SUNRISE AND SUNSET
APRIL 28 2015.........SUNRISE   627 AM CDT   SUNSET   836 PM CDT
APRIL 29 2015.........SUNRISE   625 AM CDT   SUNSET   838 PM CDT


-  INDICATES NEGATIVE NUMBERS.
R  INDICATES RECORD WAS SET OR TIED.
MM INDICATES DATA IS MISSING.
T  INDICATES TRACE AMOUNT.




$$
