000
CDUS44 KFWD 270644
CLIACT


CLIMATE REPORT
NATIONAL WEATHER SERVICE FORT WORTH TX
144 AM CDT MON APR 27 2015


...................................

...THE WACO CLIMATE SUMMARY FOR APRIL 26 2015...

CLIMATE NORMAL PERIOD 1981 TO 2010
CLIMATE RECORD PERIOD 1901 TO 2015


WEATHER ITEM   OBSERVED TIME   RECORD YEAR NORMAL DEPARTURE LAST
                VALUE   (LST)  VALUE       VALUE  FROM      YEAR
                                                  NORMAL
..................................................................
TEMPERATURE (F)
 YESTERDAY
  MAXIMUM         82    524 PM  97    1902  80      2       82
  MINIMUM         61    323 AM  38    1910  58      3       61
  AVERAGE         72                        69      3       72

PRECIPITATION (IN)
  YESTERDAY        0.08          4.31 1922   0.10  -0.02     0.00
  MONTH TO DATE    3.91                      2.25   1.66     1.70
  SINCE MAR 1      6.76                      5.40   1.36     2.57
  SINCE JAN 1     11.49                     10.15   1.34     3.33

SNOWFALL (IN)
  YESTERDAY        0.0           0.0    MM   0.0    0.0      0.0
  MONTH TO DATE    0.0                       0.2   -0.2      0.0
  SINCE MAR 1      0.7                       0.3    0.4      0.1
  SINCE JUL 1      1.4                       1.2    0.2      0.1
  SNOW DEPTH       0

DEGREE DAYS
 HEATING
  YESTERDAY        0                         1     -1        0
  MONTH TO DATE   40                        74    -34       91
  SINCE MAR 1    335                       320     15      441
  SINCE JUL 1   2289                      2132    157     2584

 COOLING
  YESTERDAY        7                         5      2        7
  MONTH TO DATE  129                        88     41       92
  SINCE MAR 1    156                       122     34      107
  SINCE JAN 1    156                       131     25      107
..................................................................


WIND (MPH)
  HIGHEST WIND SPEED    32   HIGHEST WIND DIRECTION    NW (330)
  HIGHEST GUST SPEED    49   HIGHEST GUST DIRECTION     W (290)
  AVERAGE WIND SPEED    10.7


SKY COVER
  POSSIBLE SUNSHINE  MM
  AVERAGE SKY COVER 0.4


WEATHER CONDITIONS
 THE FOLLOWING WEATHER WAS RECORDED YESTERDAY.
  THUNDERSTORM
  LIGHT RAIN
  FOG
  HAZE


RELATIVE HUMIDITY (PERCENT)
 HIGHEST    97           500 AM
 LOWEST     58           600 PM
 AVERAGE    78

..........................................................


THE WACO CLIMATE NORMALS FOR TODAY
                         NORMAL    RECORD    YEAR
 MAXIMUM TEMPERATURE (F)   80        94      1971
 MINIMUM TEMPERATURE (F)   58        42      1910


SUNRISE AND SUNSET
APRIL 27 2015.........SUNRISE   648 AM CDT   SUNSET   806 PM CDT
APRIL 28 2015.........SUNRISE   647 AM CDT   SUNSET   807 PM CDT


-  INDICATES NEGATIVE NUMBERS.
R  INDICATES RECORD WAS SET OR TIED.
MM INDICATES DATA IS MISSING.
T  INDICATES TRACE AMOUNT.




$$
