000
CDUS41 KPHI 280629
CLIACY


CLIMATE REPORT
NATIONAL WEATHER SERVICE MOUNT HOLLY NJ
229 AM EDT TUE APR 28 2015


...................................

...THE ATLANTIC CITY NJ CLIMATE SUMMARY FOR APRIL 27 2015...

CLIMATE NORMAL PERIOD 1981 TO 2010
CLIMATE RECORD PERIOD 1874 TO 2015


WEATHER ITEM   OBSERVED TIME   RECORD YEAR NORMAL DEPARTURE LAST
                VALUE   (LST)  VALUE       VALUE  FROM      YEAR
                                                  NORMAL
..................................................................
TEMPERATURE (F)
 YESTERDAY
  MAXIMUM         62   1056 AM  94    1969  66     -4       63
  MINIMUM         38    251 AM  33    2001  45     -7       38
                                      1964
  AVERAGE         50                        55     -5       51

PRECIPITATION (IN)
  YESTERDAY        0.00          4.03 1952   0.10  -0.10     0.00
  MONTH TO DATE    2.55                      3.31  -0.76     1.82
  SINCE MAR 1      9.19                      7.52   1.67     6.82
  SINCE JAN 1     17.25                     13.61   3.64    15.37

SNOWFALL (IN)
  YESTERDAY        0.0           T    1992   0.0    0.0      0.0
                                      1967
  MONTH TO DATE    0.0                       0.3   -0.3       T
  SINCE MAR 1      7.4                       1.4    6.0     15.6
  SINCE JUL 1     22.4                      16.5    5.9     43.8
  SNOW DEPTH       0

DEGREE DAYS
 HEATING
  YESTERDAY       15                        10      5       14
  MONTH TO DATE  355                       378    -23      407
  SINCE MAR 1   1182                      1084     98     1266
  SINCE JUL 1   5057                      4675    382     5129

 COOLING
  YESTERDAY        0                         1     -1        0
  MONTH TO DATE    0                         1     -1        0
  SINCE MAR 1      0                         1     -1        0
  SINCE JAN 1      0                         1     -1        0
..................................................................


WIND (MPH)
  HIGHEST WIND SPEED    22   HIGHEST WIND DIRECTION    NW (320)
  HIGHEST GUST SPEED    28   HIGHEST GUST DIRECTION    NW (300)
  AVERAGE WIND SPEED    12.0


SKY COVER
  POSSIBLE SUNSHINE  MM
  AVERAGE SKY COVER 0.6


WEATHER CONDITIONS
 THE FOLLOWING WEATHER WAS RECORDED YESTERDAY.
  NO SIGNIFICANT WEATHER WAS OBSERVED.


RELATIVE HUMIDITY (PERCENT)
 HIGHEST    79           300 AM
 LOWEST     29          1200 PM
 AVERAGE    54

..........................................................


THE ATLANTIC CITY NJ CLIMATE NORMALS FOR TODAY
                         NORMAL    RECORD    YEAR
 MAXIMUM TEMPERATURE (F)   66        88      2009
 MINIMUM TEMPERATURE (F)   46        28      2012


SUNRISE AND SUNSET
APRIL 28 2015.........SUNRISE   604 AM EDT   SUNSET   749 PM EDT
APRIL 29 2015.........SUNRISE   602 AM EDT   SUNSET   750 PM EDT


-  INDICATES NEGATIVE NUMBERS.
R  INDICATES RECORD WAS SET OR TIED.
MM INDICATES DATA IS MISSING.
T  INDICATES TRACE AMOUNT.




$$
