000
CDUS44 KLCH 012213
CLIAEX


CLIMATE REPORT
NATIONAL WEATHER SERVICE LAKE CHARLES, LA
513 PM CDT WED APR 1 2015


...................................

...THE ALEXANDRIA CLIMATE SUMMARY FOR APRIL 1 2015...
VALID TODAY AS OF 0500 PM LOCAL TIME.

CLIMATE NORMAL PERIOD 1981 TO 2010
CLIMATE RECORD PERIOD 1892 TO 2015


WEATHER ITEM   OBSERVED TIME   RECORD YEAR NORMAL DEPARTURE LAST
                VALUE   (LST)  VALUE       VALUE  FROM      YEAR
                                                  NORMAL
..................................................................
TEMPERATURE (F)
 TODAY
  MAXIMUM         81    150 PM  87    1927  75      6       77
                                      1913
  MINIMUM         63    630 AM  34    1942  51     12       61
  AVERAGE         72                        63      9       69

PRECIPITATION (IN)
  TODAY            0.00          1.41 1957   0.22  -0.22     0.00
  MONTH TO DATE    0.00                      0.22  -0.22     0.00
  SINCE MAR 1      5.80                      5.27   0.53     3.91
  SINCE JAN 1     10.90                     14.95  -4.05    10.29

SNOWFALL (IN)
  TODAY            0.0           0.0    MM  MM     MM        0.0
  MONTH TO DATE    0.0                      MM     MM        0.0
  SINCE MAR 1      0.3                      MM     MM        0.2
  SINCE JUL 1      0.3                      MM     MM        5.0
  SNOW DEPTH       0

DEGREE DAYS
 HEATING
  TODAY            0                         4     -4        0
  MONTH TO DATE    0                         4     -4        0
  SINCE MAR 1    181                       219    -38      317
  SINCE JUL 1   2032                      1884    148     2333

 COOLING
  TODAY            7                         2      5        4
  MONTH TO DATE    7                         2      5        4
  SINCE MAR 1     51                        38     13       17
  SINCE JAN 1     52                        55     -3       28
..................................................................


WIND (MPH)
  HIGHEST WIND SPEED    15   HIGHEST WIND DIRECTION     S (180)
  HIGHEST GUST SPEED    20   HIGHEST GUST DIRECTION     S (190)
  AVERAGE WIND SPEED     7.4


SKY COVER
  POSSIBLE SUNSHINE  MM
  AVERAGE SKY COVER 0.5


WEATHER CONDITIONS
 THE FOLLOWING WEATHER WAS RECORDED TODAY.
  FOG
  HAZE


RELATIVE HUMIDITY (PERCENT)
 HIGHEST   100           700 AM
 LOWEST     51           200 PM
 AVERAGE    76

..........................................................


THE ALEXANDRIA CLIMATE NORMALS FOR TOMORROW
                         NORMAL    RECORD    YEAR
 MAXIMUM TEMPERATURE (F)   75        87      2006
                                             1945
 MINIMUM TEMPERATURE (F)   51        34      1962


SUNRISE AND SUNSET
APRIL  1 2015.........SUNRISE   659 AM CDT   SUNSET   729 PM CDT
APRIL  2 2015.........SUNRISE   658 AM CDT   SUNSET   730 PM CDT


-  INDICATES NEGATIVE NUMBERS.
R  INDICATES RECORD WAS SET OR TIED.
MM INDICATES DATA IS MISSING.
T  INDICATES TRACE AMOUNT.




$$
