000
CDUS42 KCAE 052117
CLIAGS


CLIMATE REPORT
NATIONAL WEATHER SERVICE COLUMBIA SC
516 PM EDT TUE MAY 5 2015


...................................

...THE AUGUSTA BUSH FIELD GA CLIMATE SUMMARY FOR MAY 5 2015...
VALID TODAY AS OF 0500 PM LOCAL TIME.

CLIMATE NORMAL PERIOD 1981 TO 2010
CLIMATE RECORD PERIOD 1873 TO 2015


WEATHER ITEM   OBSERVED TIME   RECORD YEAR NORMAL DEPARTURE LAST
                VALUE   (LST)  VALUE       VALUE  FROM      YEAR
                                                  NORMAL
..................................................................
TEMPERATURE (F)
 TODAY
  MAXIMUM         83    205 PM  96    2012  82      1       92
  MINIMUM         50    611 AM  39    1997  54     -4       51
                                      1973
  AVERAGE         67                        68     -1       72

PRECIPITATION (IN)
  TODAY            0.00          1.73 1896   0.08  -0.08     0.00
  MONTH TO DATE    0.00                      0.38  -0.38     0.08
  SINCE MAR 1      7.90                      7.40   0.50     7.23
  SINCE JAN 1     14.70                     15.23  -0.53    13.44

SNOWFALL (IN)
  TODAY            0.0          MM      MM   0.0             0.0
  MONTH TO DATE    0.0                       0.0             0.0
  SINCE MAR 1      0.0                       0.0             0.0
  SINCE JUL 1      T                         0.9             3.3

DEGREE DAYS
 HEATING
  TODAY            0                         1     -1        0
  MONTH TO DATE   10                         8      2        5
  SINCE MAR 1    277                       428   -151      506
  SINCE JUL 1   2563                      2460    103     2668

 COOLING
  TODAY            2                         4     -2        7
  MONTH TO DATE    3                        19    -16        9
  SINCE MAR 1    117                        89     28       62
  SINCE JAN 1    117                        92     25       64
..................................................................


WIND (MPH)
  HIGHEST WIND SPEED    16   HIGHEST WIND DIRECTION     E (110)
  HIGHEST GUST SPEED    21   HIGHEST GUST DIRECTION    SE (120)
  AVERAGE WIND SPEED     3.5


SKY COVER
  AVERAGE SKY COVER 0.0


WEATHER CONDITIONS
 THE FOLLOWING WEATHER WAS RECORDED TODAY.
  FOG
  FOG W/VISIBILITY <= 1/4 MILE


RELATIVE HUMIDITY (PERCENT)
 HIGHEST   100           200 AM
 LOWEST     37           200 PM
 AVERAGE    69

..........................................................


THE AUGUSTA BUSH FIELD GA CLIMATE NORMALS FOR TOMORROW
                         NORMAL    RECORD    YEAR
 MAXIMUM TEMPERATURE (F)   83        95      1952
 MINIMUM TEMPERATURE (F)   54        42      1973


SUNRISE AND SUNSET
MAY  5 2015...........SUNRISE   636 AM EDT   SUNSET   813 PM EDT
MAY  6 2015...........SUNRISE   635 AM EDT   SUNSET   814 PM EDT


-  INDICATES NEGATIVE NUMBERS.
R  INDICATES RECORD WAS SET OR TIED.
MM INDICATES DATA IS MISSING.
T  INDICATES TRACE AMOUNT.




$$
