000
CDUS41 KCTP 172118
CLIAOO


CLIMATE REPORT
NATIONAL WEATHER SERVICE STATE COLLEGE PA
518 PM EDT FRI APR 17 2015


...................................

...THE ALTOONA CLIMATE SUMMARY FOR APRIL 17 2015...
VALID TODAY AS OF 0500 PM LOCAL TIME.

CLIMATE NORMAL PERIOD 1981 TO 2010
CLIMATE RECORD PERIOD 1948 TO 2015


WEATHER ITEM   OBSERVED TIME   RECORD YEAR NORMAL DEPARTURE LAST
                VALUE   (LST)  VALUE       VALUE  FROM      YEAR
                                                  NORMAL
..................................................................
TEMPERATURE (F)
 TODAY
  MAXIMUM         69    351 PM  85    1976  60      9       53
  MINIMUM         49    556 AM  23    1980  39     10       30
  AVERAGE         59                        50      9       42

PRECIPITATION (IN)
  TODAY            0.01          0.91 1987   0.11  -0.10     0.00
  MONTH TO DATE    1.62                      1.82  -0.20     2.05
  SINCE MAR 1      4.05                      4.89  -0.84     4.10
  SINCE JAN 1      6.57                      9.10  -2.53     7.46

DEGREE DAYS
 HEATING
  TODAY            6                        16    -10       23
  MONTH TO DATE  237                       315    -78      271
  SINCE MAR 1   1163                      1174    -11     1218
  SINCE JUL 1   5956                      5729    227     5962

 COOLING
  TODAY            0                         0      0        0
  MONTH TO DATE    0                         0      0        6
  SINCE MAR 1      0                         1     -1        6
  SINCE JAN 1      0                         1     -1        6
..................................................................


WIND (MPH)
  HIGHEST WIND SPEED    15   HIGHEST WIND DIRECTION    NW (310)
  HIGHEST GUST SPEED    19   HIGHEST GUST DIRECTION    NW (300)
  AVERAGE WIND SPEED     7.4


SKY COVER
  POSSIBLE SUNSHINE  MM
  AVERAGE SKY COVER 0.9


WEATHER CONDITIONS
 THE FOLLOWING WEATHER WAS RECORDED TODAY.
  LIGHT RAIN


RELATIVE HUMIDITY (PERCENT)
 HIGHEST    93           600 AM
 LOWEST     55           400 PM
 AVERAGE    74

..........................................................


THE ALTOONA CLIMATE NORMALS FOR TOMORROW
                         NORMAL    RECORD    YEAR
 MAXIMUM TEMPERATURE (F)   61        89      1976
 MINIMUM TEMPERATURE (F)   39        26      1983


SUNRISE AND SUNSET
APRIL 17 2015.........SUNRISE   632 AM EDT   SUNSET   754 PM EDT
APRIL 18 2015.........SUNRISE   631 AM EDT   SUNSET   755 PM EDT


-  INDICATES NEGATIVE NUMBERS.
R  INDICATES RECORD WAS SET OR TIED.
MM INDICATES DATA IS MISSING.
T  INDICATES TRACE AMOUNT.




$$
