000
CDUS42 KMFL 250822
CLIAPF


CLIMATE REPORT
NATIONAL WEATHER SERVICE MIAMI, FL
422 AM EDT SAT APR 25 2015


...................................

...THE NAPLES CLIMATE SUMMARY FOR APRIL 24 2015...

CLIMATE NORMAL PERIOD 1981 TO 2010
CLIMATE RECORD PERIOD 1942 TO 2015


WEATHER ITEM   OBSERVED TIME   RECORD YEAR NORMAL DEPARTURE LAST
                VALUE   (LST)  VALUE       VALUE  FROM      YEAR
                                                  NORMAL
..................................................................
TEMPERATURE (F)
 YESTERDAY
  MAXIMUM         87    308 PM  91    2002  85      2       81
  MINIMUM         74    254 AM  52    1986  65      9       64
  AVERAGE         81                        75      6       73

PRECIPITATION (IN)
  YESTERDAY        0.00          2.53 1978   0.07  -0.07     0.00
  MONTH TO DATE    0.35                      1.98  -1.63     1.73
  SINCE NOV 1      4.74                     11.80  -7.06     7.89
  SINCE JAN 1      3.44                      8.31  -4.87     6.79

SNOWFALL (IN)
  YESTERDAY        0.0
  MONTH TO DATE    0.0
  SINCE MAR 1      0.0
  SINCE JUL 1      0.0
  SNOW DEPTH       0

DEGREE DAYS
 HEATING
  YESTERDAY        0                         0      0        0
  MONTH TO DATE    0                         0      0        0
  SINCE MAR 1      1                        23    -22        7
  SINCE JUL 1    198                       256    -58      149

 COOLING
  YESTERDAY       16                        10      6        8
  MONTH TO DATE  324                       191    133      217
  SINCE MAR 1    628                       367    261      375
  SINCE JAN 1    804                       558    246      648
..................................................................


WIND (MPH)
  HIGHEST WIND SPEED    18   HIGHEST WIND DIRECTION     W (290)
  HIGHEST GUST SPEED    23   HIGHEST GUST DIRECTION     W (290)
  AVERAGE WIND SPEED     8.8


SKY COVER
  AVERAGE SKY COVER 0.4


WEATHER CONDITIONS
 THE FOLLOWING WEATHER WAS RECORDED YESTERDAY.
  HAZE


RELATIVE HUMIDITY (PERCENT)
 HIGHEST    87
 LOWEST     61
 AVERAGE    74

..........................................................


THE NAPLES CLIMATE NORMALS FOR TODAY
                         NORMAL    RECORD    YEAR
 MAXIMUM TEMPERATURE (F)   85        91      2011
 MINIMUM TEMPERATURE (F)   65        52      1986


SUNRISE AND SUNSET
APRIL 25 2015.........SUNRISE   655 AM EDT   SUNSET   756 PM EDT
APRIL 26 2015.........SUNRISE   654 AM EDT   SUNSET   756 PM EDT


-  INDICATES NEGATIVE NUMBERS.
R  INDICATES RECORD WAS SET OR TIED.
MM INDICATES DATA IS MISSING.
T  INDICATES TRACE AMOUNT.




$$
