000
CDUS42 KFFC 280023
CLIATL


CLIMATE REPORT
NATIONAL WEATHER SERVICE PEACHTREE CITY GA
823 PM EDT MON APR 27 2015


...................................

...THE ATLANTA CLIMATE SUMMARY FOR APRIL 27 2015...
VALID AS OF 0800 PM LOCAL TIME.

CLIMATE NORMAL PERIOD 1981 TO 2010
CLIMATE RECORD PERIOD 1878 TO 2015


WEATHER ITEM   OBSERVED TIME   RECORD YEAR NORMAL DEPARTURE LAST
                VALUE   (LST)  VALUE       VALUE  FROM      YEAR
                                                  NORMAL
..................................................................
TEMPERATURE (F)
 TODAY
  MAXIMUM         71    118 PM  93    1986  75     -4       84
  MINIMUM         51    613 AM  38    1978  55     -4       58
  AVERAGE         61                        65     -4       71

PRECIPITATION (IN)
  TODAY            0.00          2.12 1964   0.12  -0.12     0.08
  MONTH TO DATE    6.93                      3.03   3.90     5.45
  SINCE MAR 1      9.91                      7.84   2.07     8.57
  SINCE JAN 1     18.42                     16.71   1.71    15.73

SNOWFALL (IN)
  TODAY            0.0           0.0  2002   0.0    0.0      0.0
                                      2001
                                      2000
  MONTH TO DATE    0.0                       0.1   -0.1      0.0
  SINCE MAR 1      0.0                       0.9   -0.9      0.0
  SINCE JUL 1      T                         3.0   -3.0      5.0
  SNOW DEPTH       0

DEGREE DAYS
 HEATING
  TODAY            4                         3      1        0
  MONTH TO DATE   45                       136    -91      114
  SINCE MAR 1    282                       478   -196      494
  SINCE JUL 1   2640                      2733    -93     2897

 COOLING
  TODAY            0                         3     -3        6
  MONTH TO DATE   81                        45     36       35
  SINCE MAR 1     96                        57     39       35
  SINCE JAN 1     96                        58     38       37
..................................................................


WIND (MPH)
  RESULTANT WIND SPEED   8   RESULTANT WIND DIRECTION  NW (330)
  HIGHEST WIND SPEED    18   HIGHEST WIND DIRECTION     N (340)
  HIGHEST GUST SPEED    24   HIGHEST GUST DIRECTION    NW (330)
  AVERAGE WIND SPEED     8.9


SKY COVER
  AVERAGE SKY COVER 0.6


WEATHER CONDITIONS
 THE FOLLOWING WEATHER WAS RECORDED TODAY.
  NO SIGNIFICANT WEATHER WAS OBSERVED.


RELATIVE HUMIDITY (PERCENT)
 HIGHEST    83           200 AM
 LOWEST     31           200 PM

..........................................................


THE ATLANTA CLIMATE NORMALS FOR TOMORROW
                         NORMAL    RECORD    YEAR
 MAXIMUM TEMPERATURE (F)   76        87      1989
                                             1981
 MINIMUM TEMPERATURE (F)   55        38      1978
                                             1928


SUNRISE AND SUNSET
APRIL 27 2015.........SUNRISE   654 AM EDT   SUNSET   818 PM EDT
APRIL 28 2015.........SUNRISE   653 AM EDT   SUNSET   818 PM EDT


-  INDICATES NEGATIVE NUMBERS.
R  INDICATES RECORD WAS SET OR TIED.
MM INDICATES DATA IS MISSING.
T  INDICATES TRACE AMOUNT.




$$
