000
CDUS43 KGRB 192138
CLIAUW


CLIMATE REPORT
NATIONAL WEATHER SERVICE GREEN BAY
438 PM CDT SUN APR 19 2015


...................................

...THE WAUSAU WI CLIMATE SUMMARY FOR APRIL 19 2015...
VALID TODAY AS OF 0400 PM LOCAL TIME.

CLIMATE NORMAL PERIOD 1981 TO 2010
CLIMATE RECORD PERIOD 1896 TO 2015


WEATHER ITEM   OBSERVED TIME   RECORD YEAR NORMAL DEPARTURE LAST
                VALUE   (LST)  VALUE       VALUE  FROM      YEAR
                                                  NORMAL
..................................................................
TEMPERATURE (F)
 TODAY
  MAXIMUM         65    259 PM  81    1985  57      8       61
  MINIMUM         45    616 AM  15    1897  35     10       31
  AVERAGE         55                        46      9       46

PRECIPITATION (IN)
  TODAY            0.00          1.02 2005   0.09  -0.09      T
  MONTH TO DATE    2.63                      1.61   1.02     2.14
  SINCE MAR 1      3.45                      3.37   0.08     2.89
  SINCE JAN 1      4.20                      5.31  -1.11     5.83

SNOWFALL (IN)
  TODAY            0.0           2.2  1922   0.1             0.0
  MONTH TO DATE    5.2                       3.0             8.4
  SINCE MAR 1      9.7                      13.0            14.7
  SINCE JUL 1     53.7                      58.3            84.3
  SNOW DEPTH       0

DEGREE DAYS
 HEATING
  TODAY           10                        19     -9       19
  MONTH TO DATE  347                       446    -99      533
  SINCE MAR 1   1380                      1531   -151     1865
  SINCE JUL 1   7960                      7667    293     8812

 COOLING
  TODAY            0                         0      0        0
  MONTH TO DATE    0                         0      0        0
  SINCE JAN 1      0                         0      0        0
..................................................................


WIND (MPH)
  HIGHEST WIND SPEED    20   HIGHEST WIND DIRECTION    SE (140)
  HIGHEST GUST SPEED    26   HIGHEST GUST DIRECTION     E (110)
  AVERAGE WIND SPEED    12.4


SKY COVER
  POSSIBLE SUNSHINE  MM
  AVERAGE SKY COVER 0.6


WEATHER CONDITIONS
 THE FOLLOWING WEATHER WAS RECORDED TODAY.
  NO SIGNIFICANT WEATHER WAS OBSERVED.


RELATIVE HUMIDITY (PERCENT)
 HIGHEST    46           800 AM
 LOWEST     34          1200 AM
 AVERAGE    40

..........................................................


THE WAUSAU WI CLIMATE NORMALS FOR TOMORROW
                         NORMAL    RECORD    YEAR
 MAXIMUM TEMPERATURE (F)   57        86      1987
 MINIMUM TEMPERATURE (F)   35        14      1907


SUNRISE AND SUNSET
APRIL 19 2015.........SUNRISE   608 AM CDT   SUNSET   749 PM CDT
APRIL 20 2015.........SUNRISE   606 AM CDT   SUNSET   750 PM CDT


-  INDICATES NEGATIVE NUMBERS.
R  INDICATES RECORD WAS SET OR TIED.
MM INDICATES DATA IS MISSING.
T  INDICATES TRACE AMOUNT.




$$
