000
CDUS42 KGSP 030632
CLIAVL

CLIMATE REPORT
NATIONAL WEATHER SERVICE GREENVILLE-SPARTANBURG SC
231 AM EDT SUN MAY 3 2015


...................................

...THE ASHEVILLE NC CLIMATE SUMMARY FOR MAY 2 2015...

CLIMATE NORMAL PERIOD 1981 TO 2010
CLIMATE RECORD PERIOD 1869 TO 2015


WEATHER ITEM   OBSERVED TIME   RECORD YEAR NORMAL DEPARTURE LAST
                VALUE   (LST)  VALUE       VALUE  FROM      YEAR
                                                  NORMAL
..................................................................
TEMPERATURE (F)
 YESTERDAY
  MAXIMUM         72    414 PM  88    1935  72      0       68
  MINIMUM         42    534 AM  33    1963  47     -5       45
                                      1918
  AVERAGE         57                        60     -3       57

PRECIPITATION (IN)
  YESTERDAY        0.00          0.93 1946   0.12  -0.12     0.00
  MONTH TO DATE    0.00                      0.23  -0.23      T
  SINCE MAR 1      7.06                      7.39  -0.33     7.39
  SINCE JAN 1     12.90                     14.82  -1.92    12.74

SNOWFALL (IN)
  YESTERDAY        0.0           T    1929   0.0             0.0
  MONTH TO DATE    0.0                       0.0             0.0
  SINCE MAR 1      T                         2.6             0.4
  SINCE JUL 1     13.3                       9.9             9.8
  SNOW DEPTH       0

DEGREE DAYS
 HEATING
  YESTERDAY        8                         6      2        8
  MONTH TO DATE   20                        12      8       14
  SINCE MAR 1    651                       867   -216      906
  SINCE JUL 1   3960                      4084   -124     4225

 COOLING
  YESTERDAY        0                         1     -1        0
  MONTH TO DATE    0                         1     -1        0
  SINCE MAR 1     19                         9     10        2
  SINCE JAN 1     19                         9     10        2
..................................................................


WIND (MPH)
  HIGHEST WIND SPEED    18   HIGHEST WIND DIRECTION    NW (330)
  HIGHEST GUST SPEED    25   HIGHEST GUST DIRECTION     N (340)
  AVERAGE WIND SPEED     7.1


SKY COVER
  POSSIBLE SUNSHINE  MM
  AVERAGE SKY COVER 0.2


WEATHER CONDITIONS
 THE FOLLOWING WEATHER WAS RECORDED YESTERDAY.
  NO SIGNIFICANT WEATHER WAS OBSERVED.


RELATIVE HUMIDITY (PERCENT)
 HIGHEST    89           600 AM
 LOWEST     22           300 PM
 AVERAGE    56

..........................................................


THE ASHEVILLE NC CLIMATE NORMALS FOR TODAY
                         NORMAL    RECORD    YEAR
 MAXIMUM TEMPERATURE (F)   72        85      1965
                                             1959
                                             1938
 MINIMUM TEMPERATURE (F)   48        31      1909


SUNRISE AND SUNSET
MAY  3 2015...........SUNRISE   637 AM EDT   SUNSET   818 PM EDT
MAY  4 2015...........SUNRISE   636 AM EDT   SUNSET   819 PM EDT


-  INDICATES NEGATIVE NUMBERS.
R  INDICATES RECORD WAS SET OR TIED.
MM INDICATES DATA IS MISSING.
T  INDICATES TRACE AMOUNT.

$$
