000
CDUS43 KGRR 050517
CLIAZO


CLIMATE REPORT
NATIONAL WEATHER SERVICE GRAND RAPIDS, MI
113 AM EDT TUE MAY 5 2015


...................................

...THE KALAMAZOO MI CLIMATE SUMMARY FOR MAY 4 2015...

CLIMATE NORMAL PERIOD 1981 TO 2010
CLIMATE RECORD PERIOD 1998 TO 2015


WEATHER ITEM   OBSERVED TIME   NORMAL DEPARTURE LAST
                VALUE   (LST)  VALUE  FROM      YEAR
                                      NORMAL
......................................................
TEMPERATURE (F)
 YESTERDAY
  MAXIMUM         75    307 PM  67      8       55
  MINIMUM         56   1151 PM  44     12       43
  AVERAGE         66            55     11       49

PRECIPITATION (IN)
  YESTERDAY        0.26          0.12   0.14     0.00
  MONTH TO DATE    0.26          0.47  -0.21     0.14
  SINCE MAR 1      2.62          5.80  -3.18     3.41
  SINCE JAN 1      4.15          9.04  -4.89     5.94

DEGREE DAYS
 HEATING
  YESTERDAY        0            10    -10       16
  MONTH TO DATE   15            42    -27       65
  SINCE MAR 1   1430          1412     18     1725
  SINCE JUL 1   6716          6185    531     6893

 COOLING
  YESTERDAY        1             0      1        0
  MONTH TO DATE    1             0      1        0
  SINCE MAR 1      1             4     -3        0
  SINCE JAN 1      1             4     -3        0
......................................................


WIND (MPH)
  RESULTANT WIND SPEED   7   RESULTANT WIND DIRECTION   W (260)
  HIGHEST WIND SPEED    18   HIGHEST WIND DIRECTION    SW (240)
  HIGHEST GUST SPEED    23   HIGHEST GUST DIRECTION     W (290)
  AVERAGE WIND SPEED     8.5


SKY COVER
  AVERAGE SKY COVER 0.4


WEATHER CONDITIONS
 THE FOLLOWING WEATHER WAS RECORDED YESTERDAY.
  THUNDERSTORM
  HEAVY RAIN
  LIGHT RAIN


RELATIVE HUMIDITY (PERCENT)
 HIGHEST    84           300 AM
 LOWEST     44          1200 AM
 AVERAGE    64

..........................................................


THE KALAMAZOO MI CLIMATE NORMALS FOR TODAY
                         NORMAL
 MAXIMUM TEMPERATURE (F)   67
 MINIMUM TEMPERATURE (F)   45


SUNRISE AND SUNSET
MAY  5 2015...........SUNRISE   633 AM EDT   SUNSET   846 PM EDT
MAY  6 2015...........SUNRISE   632 AM EDT   SUNSET   847 PM EDT


-  INDICATES NEGATIVE NUMBERS.
R  INDICATES RECORD WAS SET OR TIED.
MM INDICATES DATA IS MISSING.
T  INDICATES TRACE AMOUNT.




$$
