000
CDUS41 KCTP 280609
CLIBFD


CLIMATE REPORT
NATIONAL WEATHER SERVICE STATE COLLEGE PA
208 AM EDT TUE APR 28 2015


...................................

...THE BRADFORD CLIMATE SUMMARY FOR APRIL 27 2015...

CLIMATE NORMAL PERIOD 1981 TO 2010
CLIMATE RECORD PERIOD 1957 TO 2015


WEATHER ITEM   OBSERVED TIME   RECORD YEAR NORMAL DEPARTURE LAST
                VALUE   (LST)  VALUE       VALUE  FROM      YEAR
                                                  NORMAL
..................................................................
TEMPERATURE (F)
 YESTERDAY
  MAXIMUM         44    333 PM  85    1990  60    -16       55
  MINIMUM         37    635 AM  20    2002  36      1       34
  AVERAGE         41                        48     -7       45

PRECIPITATION (IN)
  YESTERDAY        0.02          0.88 1959   0.13  -0.11     0.00
  MONTH TO DATE    4.23                      3.19   1.04     3.17
  SINCE MAR 1      6.57                      6.56   0.01     5.17
  SINCE JAN 1      9.41                     12.20  -2.79     8.70

DEGREE DAYS
 HEATING
  YESTERDAY       24                        13     11       20
  MONTH TO DATE  549                       454     95      549
  SINCE MAR 1   1718                      1491    227     1726
  SINCE JUL 1   7617                      7061    556     7392

 COOLING
  YESTERDAY        0                         0      0        0
  MONTH TO DATE    0                         0      0        2
  SINCE MAR 1      0                         0      0        2
  SINCE JAN 1      0                         0      0        2
..................................................................


WIND (MPH)
  HIGHEST WIND SPEED    21   HIGHEST WIND DIRECTION    NW (320)
  HIGHEST GUST SPEED    24   HIGHEST GUST DIRECTION     N (340)
  AVERAGE WIND SPEED     9.0


SKY COVER
  POSSIBLE SUNSHINE  MM
  AVERAGE SKY COVER 1.0


WEATHER CONDITIONS
 THE FOLLOWING WEATHER WAS RECORDED YESTERDAY.
  LIGHT RAIN
  FOG


RELATIVE HUMIDITY (PERCENT)
 HIGHEST    86           200 PM
 LOWEST     64          1200 AM
 AVERAGE    75

..........................................................


THE BRADFORD CLIMATE NORMALS FOR TODAY
                         NORMAL    RECORD    YEAR
 MAXIMUM TEMPERATURE (F)   60        85      1990
 MINIMUM TEMPERATURE (F)   36        22      1972


SUNRISE AND SUNSET
APRIL 28 2015.........SUNRISE   615 AM EDT   SUNSET   809 PM EDT
APRIL 29 2015.........SUNRISE   614 AM EDT   SUNSET   810 PM EDT


-  INDICATES NEGATIVE NUMBERS.
R  INDICATES RECORD WAS SET OR TIED.
MM INDICATES DATA IS MISSING.
T  INDICATES TRACE AMOUNT.




$$
