000
CDUS46 KHNX 050820
CLIBFL


CLIMATE REPORT
NATIONAL WEATHER SERVICE SAN JOAQUIN VALLEY, CA
120 AM PDT TUE MAY 5 2015


...................................

...THE BAKERSFIELD CLIMATE SUMMARY FOR MAY 4 2015...

CLIMATE NORMAL PERIOD 1981 TO 2010
CLIMATE RECORD PERIOD 1889 TO 2015


WEATHER ITEM   OBSERVED TIME   RECORD YEAR NORMAL DEPARTURE
                VALUE   (LST)  VALUE       VALUE  FROM
                                                  NORMAL
...............................................................
TEMPERATURE (F)
 YESTERDAY
  MAXIMUM         85    345 PM 101    2004  80      5
  MINIMUM         55    517 AM  39    1893  55      0
  AVERAGE         70                        68      2

PRECIPITATION (IN)
  YESTERDAY        0.00          0.55 1932   0.01  -0.01
  MONTH TO DATE    0.00                      0.04  -0.04
  SINCE OCT 1      4.61                      6.13  -1.52
  SINCE JAN 1      1.94                      4.17  -2.23

SNOWFALL (IN)
  YESTERDAY        0.0
  MONTH TO DATE    0.0
  SINCE MAR 1      0.0
  SINCE JUL 1      0.0
  SNOW DEPTH       0

DEGREE DAYS
 HEATING
  YESTERDAY        0                               -2
  MONTH TO DATE    0                               -8
  SINCE MAR 1    153                             -223
  SINCE JUL 1   1288                             -862

 COOLING
  YESTERDAY        5                                1
  MONTH TO DATE   43                               27
  SINCE MAR 1    205                              123
  SINCE JAN 1    209                              127
...............................................................


WIND (MPH)
  HIGHEST WIND SPEED    18   HIGHEST WIND DIRECTION    NW (300)
  HIGHEST GUST SPEED    23   HIGHEST GUST DIRECTION    NW (300)
  AVERAGE WIND SPEED     8.7




RELATIVE HUMIDITY (PERCENT)
 HIGHEST    55
 LOWEST     13
 AVERAGE    34

..........................................................


THE BAKERSFIELD CLIMATE NORMALS FOR TODAY
                         NORMAL    RECORD    YEAR
 MAXIMUM TEMPERATURE (F)   81       100      1990
 MINIMUM TEMPERATURE (F)   55        42      1930


SUNRISE AND SUNSET
MAY  5 2015...........SUNRISE   601 AM PDT   SUNSET   746 PM PDT
MAY  6 2015...........SUNRISE   600 AM PDT   SUNSET   746 PM PDT


-  INDICATES NEGATIVE NUMBERS.
R  INDICATES RECORD WAS SET OR TIED.
MM INDICATES DATA IS MISSING.
T  INDICATES TRACE AMOUNT.




$$
