000
CDUS43 KIND 280532
CLIBMG


CLIMATE REPORT
NATIONAL WEATHER SERVICE INDIANAPOLIS IN
132 AM EDT TUE APR 28 2015


...................................

...THE BLOOMINGTON IN CLIMATE SUMMARY FOR APRIL 27 2015...

CLIMATE NORMAL PERIOD 1981 TO 2010
CLIMATE RECORD PERIOD 9999 TO 9999


WEATHER ITEM   OBSERVED TIME   NORMAL DEPARTURE LAST
                VALUE   (LST)  VALUE  FROM      YEAR
                                      NORMAL
......................................................
TEMPERATURE (F)
 YESTERDAY
  MAXIMUM         63    220 PM  68     -5       78
  MINIMUM         37    404 AM  46     -9       55
  AVERAGE         50            57     -7       67

PRECIPITATION (IN)
  YESTERDAY        0.00          0.15  -0.15      T
  MONTH TO DATE    4.80          4.19   0.61     6.01
  SINCE MAR 1      9.44          8.07   1.37     7.95
  SINCE JAN 1     13.01         14.14  -1.13    12.60

DEGREE DAYS
 HEATING
  YESTERDAY       15             8      7        0
  MONTH TO DATE  257           333    -76      291
  SINCE MAR 1   1001          1021    -20     1128
  SINCE JUL 1   5572          5089    483     5690

 COOLING
  YESTERDAY        0             1     -1        2
  MONTH TO DATE    6            19    -13        9
  SINCE MAR 1      6            22    -16        9
  SINCE JAN 1      6            22    -16        9
......................................................


WIND (MPH)
  HIGHEST WIND SPEED    21   HIGHEST WIND DIRECTION     N (20)
  HIGHEST GUST SPEED    27   HIGHEST GUST DIRECTION     N (10)
  AVERAGE WIND SPEED     9.1


SKY COVER
  AVERAGE SKY COVER 0.2


WEATHER CONDITIONS
 THE FOLLOWING WEATHER WAS RECORDED YESTERDAY.
  NO SIGNIFICANT WEATHER WAS OBSERVED.


RELATIVE HUMIDITY (PERCENT)
 HIGHEST    76           200 AM
 LOWEST     42           300 PM
 AVERAGE    59

..........................................................


THE BLOOMINGTON IN CLIMATE NORMALS FOR TODAY
                         NORMAL
 MAXIMUM TEMPERATURE (F)   69
 MINIMUM TEMPERATURE (F)   46


SUNRISE AND SUNSET
APRIL 28 2015.........SUNRISE   652 AM EDT   SUNSET   836 PM EDT
APRIL 29 2015.........SUNRISE   651 AM EDT   SUNSET   837 PM EDT


-  INDICATES NEGATIVE NUMBERS.
R  INDICATES RECORD WAS SET OR TIED.
MM INDICATES DATA IS MISSING.
T  INDICATES TRACE AMOUNT.




$$
