000
CDUS44 KOHX 192210
CLIBNA

CLIMATE REPORT
NATIONAL WEATHER SERVICE NASHVILLE TN
510 PM CDT SUN APR 19 2015


...................................

...THE NASHVILLE CLIMATE SUMMARY FOR APRIL 19 2015...
VALID AS OF 0400 PM LOCAL TIME.

CLIMATE NORMAL PERIOD 1981 TO 2010
CLIMATE RECORD PERIOD 1871 TO 2015


WEATHER ITEM   OBSERVED TIME   RECORD YEAR NORMAL DEPARTURE
                VALUE   (LST)  VALUE       VALUE  FROM
                                                  NORMAL
...............................................................
TEMPERATURE (F)
 TODAY
  MAXIMUM         76    123 PM  88    2006  72      4
  MINIMUM         64    329 AM  27    1983  49     15
  AVERAGE         70                        60     10

PRECIPITATION (IN)
  TODAY            0.86          1.80 1981   0.14   0.72
                                      1970
  MONTH TO DATE    5.72                      2.34   3.38
  SINCE MAR 1     10.01                      6.45   3.56
  SINCE JAN 1     16.83                     14.14   2.69

SNOWFALL (IN)
  TODAY            0.0           0.0  2002   0.0    0.0
                                      2001
  MONTH TO DATE    0.0                       0.1   -0.1
  SINCE MAR 1      2.9                       1.0    1.9
  SINCE JUL 1      6.1                       6.4   -0.3
  SNOW DEPTH       0

DEGREE DAYS
 HEATING
  TODAY            0                               -6
  MONTH TO DATE   44                             -120
  SINCE MAR 1    485                             -152
  SINCE JUL 1   3675                              100

 COOLING
  TODAY            5                                4
  MONTH TO DATE   38                               19
  SINCE MAR 1     40                               13
  SINCE JAN 1     40                               13
...............................................................


WIND (MPH)
  HIGHEST WIND SPEED    25   HIGHEST WIND DIRECTION     S (190)
  HIGHEST GUST SPEED    33   HIGHEST GUST DIRECTION     S (190)
  AVERAGE WIND SPEED     7.8




RELATIVE HUMIDITY (PERCENT)
 HIGHEST   100
 LOWEST     69

..........................................................


THE NASHVILLE CLIMATE NORMALS FOR TOMORROW
                         NORMAL    RECORD    YEAR
 MAXIMUM TEMPERATURE (F)   72        87      2002
                                             1971
                                             1964
 MINIMUM TEMPERATURE (F)   49        26      1983


SUNRISE AND SUNSET
APRIL 19 2015.........SUNRISE   609 AM CDT   SUNSET   724 PM CDT
APRIL 20 2015.........SUNRISE   607 AM CDT   SUNSET   725 PM CDT


-  INDICATES NEGATIVE NUMBERS.
R  INDICATES RECORD WAS SET OR TIED.
MM INDICATES DATA IS MISSING.
T  INDICATES TRACE AMOUNT.




$$
