000
CDUS41 KBOX 280544
CLIBOS


CLIMATE REPORT
NATIONAL WEATHER SERVICE TAUNTON MA
138 AM EDT TUE APR 28 2015


...................................

...THE BOSTON MA CLIMATE SUMMARY FOR APRIL 27 2015...

CLIMATE NORMAL PERIOD 1981 TO 2010
CLIMATE RECORD PERIOD 1872 TO 2015


WEATHER ITEM   OBSERVED TIME   RECORD YEAR NORMAL DEPARTURE LAST
                VALUE   (LST)  VALUE       VALUE  FROM      YEAR
                                                  NORMAL
..................................................................
TEMPERATURE (F)
 YESTERDAY
  MAXIMUM         57    213 PM  92    1990  60     -3       50
  MINIMUM         45   1104 PM  33    1993  44      1       41
                                      1909
                                      1882
  AVERAGE         51                        52     -1       46

PRECIPITATION (IN)
  YESTERDAY        0.10          1.50 1882   0.12  -0.02     0.15
  MONTH TO DATE    2.21                      3.40  -1.19     2.89
  SINCE MAR 1      5.26                      7.72  -2.46     7.37
  SINCE JAN 1     12.20                     14.33  -2.13    14.74

SNOWFALL (IN)
  YESTERDAY        0.0           2.1  1993   0.0    0.0      0.0
  MONTH TO DATE    T                         1.9   -1.9      0.3
  SINCE MAR 1      8.6                       9.7   -1.1      2.5
  SINCE JUL 1    110.6                      43.8   66.8     58.9
  SNOW DEPTH       0

DEGREE DAYS
 HEATING
  YESTERDAY       14                        13      1       19
  MONTH TO DATE  461                       472    -11      440
  SINCE MAR 1   1438                      1301    137     1410
  SINCE JUL 1   5753                      5343    410     5558

 COOLING
  YESTERDAY        0                         0      0        0
  MONTH TO DATE    0                         0      0        1
  SINCE MAR 1      0                         0      0        1
  SINCE JAN 1      0                         0      0        1
..................................................................


WIND (MPH)
  RESULTANT WIND SPEED  11   RESULTANT WIND DIRECTION  NW (310)
  HIGHEST WIND SPEED    22   HIGHEST WIND DIRECTION    NW (320)
  HIGHEST GUST SPEED    29   HIGHEST GUST DIRECTION    NE (30)
  AVERAGE WIND SPEED    11.5


SKY COVER
  POSSIBLE SUNSHINE  MM
  AVERAGE SKY COVER 0.8


WEATHER CONDITIONS
 THE FOLLOWING WEATHER WAS RECORDED YESTERDAY.
  RAIN
  LIGHT RAIN
  FOG


RELATIVE HUMIDITY (PERCENT)
 HIGHEST    63           700 PM
 LOWEST     40           100 PM
 AVERAGE    52

..........................................................


THE BOSTON MA CLIMATE NORMALS FOR TODAY
                         NORMAL    RECORD    YEAR
 MAXIMUM TEMPERATURE (F)   60        93      2009
 MINIMUM TEMPERATURE (F)   45        30      1947


SUNRISE AND SUNSET
APRIL 28 2015.........SUNRISE   544 AM EDT   SUNSET   740 PM EDT
APRIL 29 2015.........SUNRISE   543 AM EDT   SUNSET   741 PM EDT


-  INDICATES NEGATIVE NUMBERS.
R  INDICATES RECORD WAS SET OR TIED.
MM INDICATES DATA IS MISSING.
T  INDICATES TRACE AMOUNT.




$$
