000
CDAK49 PABR 190938
CLIBRW

CLIMATE REPORT
NATIONAL WEATHER SERVICE BARROW, AK
138 AM AKDT SUN APR 19 2015

...................................
...THE BARROW WSO AP CLIMATE SUMMARY FOR APRIL 18 2015...

CLIMATE NORMAL PERIOD  1981 TO  2010
CLIMATE RECORD PERIOD  1915 TO  2015

WEATHER ITEM   OBSERVED TIME    RECORD YEAR NORMAL DEPARTURE LAST
               VALUE    (LST)   VALUE       VALUE  FROM      YEAR
                                                   NORMAL
...................................................................
TEMPERATURE
YESTERDAY
 MAXIMUM             9  0532 PM    32  1988     10      -1      8
 MINIMUM            -7  0200 AM   -27  1997     -3      -4     -2
 AVERAGE             1                           3      -2      3

PRECIPITATION
(INCHES)
 YESTERDAY        0.00           0.07  2002   0.01   -0.01      T
 MONTH TO DATE    0.17                        0.10    0.07   0.05
 SINCE MAR 1      0.45                        0.19    0.26   0.10
 SINCE JAN 1      1.02                        0.46    0.56   0.47

SNOWFALL
(INCHES)
 YESTERDAY         0.0            1.5  2002    0.1    -0.1      T
 MONTH TO DATE     4.0                         1.9     2.1    1.2
 SINCE MAR 1       7.4                         4.0     3.4    3.0
 SINCE JUL 1      50.5                        33.0    17.5   45.6
 SNOW DEPTH (IN)     7                                          7

DEGREE DAYS
 HEATING
  YESTERDAY         64                          62       2     62
  MONTH TO DATE   1185                        1211     -26   1197
  SINCE MAR 1     3525                        3615     -90   3350
  SINCE JUL 1    15668                       16463    -795  15073

 COOLING
  YESTERDAY          0                           0       0      0
  MONTH TO DATE      0                           0       0      0
  SINCE MAR 1        0                           0       0      0
  SINCE JAN 1        0                           0       0      0
...................................................................

WIND (MPH)
 HIGHEST WIND SPEED    23     HIGHEST WIND DIRECTION     50
 HIGHEST GUST SPEED    29     HIGHEST GUST DIRECTION     60
 AVERAGE WIND SPEED  16.2

WEATHER CONDITIONS
 THE FOLLOWING WEATHER WAS RECORDED YESTERDAY.
  NO SIGNIFICANT WEATHER WAS OBSERVED.

RELATIVE HUMIDITY
 HIGHEST RH     87 PERCENT   AT 1153 PM AST
 LOWEST  RH     56 PERCENT   AT  953 AM AST
 AVERAGE RH     71 PERCENT
...................................................................

THE BARROW CLIMATE NORMALS FOR TODAY
                           NORMAL    RECORD   YEAR
 MAXIMUM TEMPERATURE (F)     11        35     1967
 MINIMUM TEMPERATURE (F)     -3       -27     1960

SUNRISE AND SUNSET
 APR 19 2015..........SUNRISE  5:51 AM      SUNSET 11:07 PM
 APR 20 2015..........SUNRISE  5:45 AM      SUNSET 11:12 PM

-  INDICATES NEGATIVE NUMBERS.
R  INDICATES RECORD HAS BEEN SET OR TIED.
MM INDICATES DATA IS MISSING.
T  INDICATES TRACE OF PRECIPITATION.

&&
-------------------------------------------------------------------

AMOUNT OF DAYLIGHT TODAY  (HOUR:MIN)........17 HOURS 16 MINUTES
GAIN/LOSS SINCE YESTERDAY (HOUR:MIN:SEC)....+0:10:56

$$
RFL APR 15
