000
CDUS44 KLIX 032131
CLIBTR


CLIMATE REPORT
NATIONAL WEATHER SERVICE NEW ORLEANS
430 PM CDT SUN MAY 3 2015


...................................

...THE BATON ROUGE  ASOS CLIMATE SUMMARY FOR MAY 3 2015...
VALID TODAY AS OF 0400 PM LOCAL TIME.

CLIMATE NORMAL PERIOD 1981 TO 2010
CLIMATE RECORD PERIOD 1894 TO 2015


WEATHER ITEM   OBSERVED TIME   RECORD YEAR NORMAL DEPARTURE LAST
                VALUE   (LST)  VALUE       VALUE  FROM      YEAR
                                                  NORMAL
..................................................................
TEMPERATURE (F)
 TODAY
  MAXIMUM         84    224 PM  92    1943  83      1       86
  MINIMUM         59    543 AM  44    2013  62     -3       53
  AVERAGE         72

PRECIPITATION (IN)
  TODAY            0.00          2.65 1978   0.14  -0.14     0.00
  MONTH TO DATE    0.00                      0.42  -0.42      T
  SINCE MAR 1     11.46                      9.29   2.17     6.75
  SINCE JAN 1     21.21                     20.05   1.16    16.02

SNOWFALL (IN)
  TODAY            0.0
  MONTH TO DATE    0.0
  SINCE MAR 1      T
  SINCE JUL 1      T
  SNOW DEPTH       0

DEGREE DAYS
 HEATING
  TODAY            0                         0      0        0
  MONTH TO DATE    0                         0      0        3
  SINCE MAR 1     99                       218   -119      275
  SINCE JUL 1   1641                      1553     88     1981

 COOLING
  TODAY            7                         8     -1        5
  MONTH TO DATE   18                        23     -5        8
  SINCE MAR 1    325                       223    102      201
  SINCE JAN 1    329                       254     75      221
..................................................................


WIND (MPH)
  HIGHEST WIND SPEED     9   HIGHEST WIND DIRECTION     E (100)
  HIGHEST GUST SPEED    10   HIGHEST GUST DIRECTION     S (180)
  AVERAGE WIND SPEED     1.7


SKY COVER
  POSSIBLE SUNSHINE  MM
  AVERAGE SKY COVER 0.4


WEATHER CONDITIONS
 THE FOLLOWING WEATHER WAS RECORDED TODAY.
  FOG
  HAZE


RELATIVE HUMIDITY (PERCENT)
 HIGHEST    97           200 AM
 LOWEST     40           200 PM
 AVERAGE    69

..........................................................


THE BATON ROUGE  ASOS CLIMATE NORMALS FOR TOMORROW
                         NORMAL    RECORD    YEAR
 MAXIMUM TEMPERATURE (F)   84        94      1952
 MINIMUM TEMPERATURE (F)   62        40      2013


SUNRISE AND SUNSET
MAY  3 2015...........SUNRISE   619 AM CDT   SUNSET   744 PM CDT
MAY  4 2015...........SUNRISE   619 AM CDT   SUNSET   745 PM CDT


-  INDICATES NEGATIVE NUMBERS.
R  INDICATES RECORD WAS SET OR TIED.
MM INDICATES DATA IS MISSING.
T  INDICATES TRACE AMOUNT.




$$
