000
CDUS45 KRIW 280748
CLIBYG


CLIMATE REPORT
NATIONAL WEATHER SERVICE RIVERTON WY
145 AM MDT TUE APR 28 2015


...................................

...THE BUFFALO WY CLIMATE SUMMARY FOR APRIL 27 2015...

CLIMATE NORMAL PERIOD 1981 TO 2010
CLIMATE RECORD PERIOD 1998 TO 2015


WEATHER ITEM   OBSERVED TIME   RECORD YEAR NORMAL DEPARTURE LAST
                VALUE   (LST)  VALUE       VALUE  FROM      YEAR
                                                  NORMAL
..................................................................
TEMPERATURE (F)
 YESTERDAY
  MAXIMUM         49    448 PM  79    2001  58     -9       47
  MINIMUM         33    530 AM  21    2005  36     -3       34
  AVERAGE         41                        47     -6       41

PRECIPITATION (IN)
  YESTERDAY        0.01          0.05 2002   0.08  -0.07     0.01
  MONTH TO DATE    0.73                      1.04  -0.31     0.95
  SINCE MAR 1      0.81                      1.96  -1.15     1.56
  SINCE JAN 1      1.45                      2.73  -1.28     1.92

DEGREE DAYS
 HEATING
  YESTERDAY       24                        18      6       24
  MONTH TO DATE  545                       601    -56      590
  SINCE MAR 1   1218                      1551   -333     1586
  SINCE JUL 1   5914                      6791   -877     6830

 COOLING
  YESTERDAY        0                         0      0        0
  MONTH TO DATE    0                         0      0        0
  SINCE MAR 1      0                         0      0        0
  SINCE JAN 1      0                         0      0        0
..................................................................


WIND (MPH)
  HIGHEST WIND SPEED    16   HIGHEST WIND DIRECTION     N (350)
  HIGHEST GUST SPEED    24   HIGHEST GUST DIRECTION     N (340)
  AVERAGE WIND SPEED     5.8


SKY COVER
  POSSIBLE SUNSHINE  MM
  AVERAGE SKY COVER 0.8


WEATHER CONDITIONS
 THE FOLLOWING WEATHER WAS RECORDED YESTERDAY.
  LIGHT SNOW
  FOG


RELATIVE HUMIDITY (PERCENT)
 HIGHEST   100          1200 AM
 LOWEST     60           200 PM
 AVERAGE    80

..........................................................


THE BUFFALO WY CLIMATE NORMALS FOR TODAY
                         NORMAL    RECORD    YEAR
 MAXIMUM TEMPERATURE (F)   58        79      2007
                                             2001
 MINIMUM TEMPERATURE (F)   37        19      2005


SUNRISE AND SUNSET
APRIL 28 2015.........SUNRISE   602 AM MDT   SUNSET   807 PM MDT
APRIL 29 2015.........SUNRISE   601 AM MDT   SUNSET   808 PM MDT


-  INDICATES NEGATIVE NUMBERS.
R  INDICATES RECORD WAS SET OR TIED.
MM INDICATES DATA IS MISSING.
T  INDICATES TRACE AMOUNT.




$$
