000
CDUS45 KSLC 191217
CLICDC


CLIMATE REPORT
NATIONAL WEATHER SERVICE SALT LAKE CITY UT
616 AM MDT SUN APR 19 2015


...................................

...THE CEDAR CITY UT CLIMATE SUMMARY FOR APRIL 18 2015...

CLIMATE NORMAL PERIOD 1981 TO 2010
CLIMATE RECORD PERIOD 1928 TO 2015


WEATHER ITEM   OBSERVED TIME   RECORD YEAR NORMAL DEPARTURE LAST
                VALUE   (LST)  VALUE       VALUE  FROM      YEAR
                                                  NORMAL
..................................................................
TEMPERATURE (F)
 YESTERDAY
  MAXIMUM         69    405 PM  82    1989  62      7       70
  MINIMUM         29    624 AM  14    1963  32     -3       46
  AVERAGE         49                        47      2       58

PRECIPITATION (IN)
  YESTERDAY        0.00          0.61 1981   0.04  -0.04     0.00
  MONTH TO DATE    0.12                      0.70  -0.58      T
  SINCE OCT 1      5.30                      7.02  -1.72     3.30
  SINCE JAN 1      3.17                      3.91  -0.74     1.36

DEGREE DAYS
 HEATING
  YESTERDAY       16                        18     -2        7
  MONTH TO DATE  367                       362      5      318
  SINCE MAR 1   1008                      1134   -126     1048
  SINCE JUL 1   4846                      5696   -850     5635

 COOLING
  YESTERDAY        0                         0      0        0
  MONTH TO DATE    0                         0      0        0
  SINCE MAR 1      0                         0      0        0
  SINCE JAN 1      0                         0      0        0
..................................................................


WIND (MPH)
  RESULTANT WIND SPEED   3   RESULTANT WIND DIRECTION  NE (60)
  HIGHEST WIND SPEED    16   HIGHEST WIND DIRECTION    NE (30)
  HIGHEST GUST SPEED    20   HIGHEST GUST DIRECTION    NE (30)
  AVERAGE WIND SPEED     4.9



WEATHER CONDITIONS
 THE FOLLOWING WEATHER WAS RECORDED YESTERDAY.
  NO SIGNIFICANT WEATHER WAS OBSERVED.


RELATIVE HUMIDITY (PERCENT)
 HIGHEST    82           700 AM
 LOWEST     11           400 PM
 AVERAGE    47

..........................................................


THE CEDAR CITY UT CLIMATE NORMALS FOR TODAY
                         NORMAL    RECORD    YEAR
 MAXIMUM TEMPERATURE (F)   62        82      1989
 MINIMUM TEMPERATURE (F)   32        16      2007


SUNRISE AND SUNSET
APRIL 19 2015.........SUNRISE   652 AM MDT   SUNSET   812 PM MDT
APRIL 20 2015.........SUNRISE   651 AM MDT   SUNSET   812 PM MDT


-  INDICATES NEGATIVE NUMBERS.
R  INDICATES RECORD WAS SET OR TIED.
MM INDICATES DATA IS MISSING.
T  INDICATES TRACE AMOUNT.




$$
