000
CDUS45 KCYS 180738
CLICDR


CLIMATE REPORT
NATIONAL WEATHER SERVICE CHEYENNE WY
136 AM MDT SAT APR 18 2015


...................................

...THE CHADRON NE AIRPORT CLIMATE SUMMARY FOR APRIL 17 2015...

CLIMATE NORMAL PERIOD 1981 TO 2010
CLIMATE RECORD PERIOD 1895 TO 2015


WEATHER ITEM   OBSERVED TIME   RECORD YEAR NORMAL DEPARTURE LAST
                VALUE   (LST)  VALUE       VALUE  FROM      YEAR
                                                  NORMAL
..................................................................
TEMPERATURE (F)
 YESTERDAY
  MAXIMUM         48   1159 PM  87    1948  61    -13       56
  MINIMUM         44   1030 AM  13    1956  30     14       30
  AVERAGE         46                        45      1       43

PRECIPITATION (IN)
  YESTERDAY        0.46R         0.33 2009   0.06   0.40     0.00
  MONTH TO DATE    0.92                      0.95  -0.03     1.01
  SINCE JAN 1      2.11                      3.15  -1.04     2.59

DEGREE DAYS
 HEATING
  YESTERDAY       19                        20     -1       22
  MONTH TO DATE  341                       381    -40      381
  SINCE MAR 1   1018                      1286   -268     1279
  SINCE JUL 1   5963                      6538   -575     6753

 COOLING
  YESTERDAY        0                         0      0        0
  MONTH TO DATE    0                         0      0        0
  SINCE MAR 1      0                         0      0        0
  SINCE JAN 1      0                         0      0        0
..................................................................


WIND (MPH)
  HIGHEST WIND SPEED    18   HIGHEST WIND DIRECTION    NE (30)
  HIGHEST GUST SPEED    24   HIGHEST GUST DIRECTION     N (20)
  AVERAGE WIND SPEED     7.8


SKY COVER
  AVERAGE SKY COVER 1.0


WEATHER CONDITIONS
 THE FOLLOWING WEATHER WAS RECORDED YESTERDAY.
  RAIN
  LIGHT RAIN
  FOG


RELATIVE HUMIDITY (PERCENT)
 HIGHEST    93           900 PM
 LOWEST     65          1200 AM
 AVERAGE    79

..........................................................


THE CHADRON NE AIRPORT CLIMATE NORMALS FOR TODAY
                         NORMAL    RECORD    YEAR
 MAXIMUM TEMPERATURE (F)   61        85      1985
 MINIMUM TEMPERATURE (F)   30        16      1956


SUNRISE AND SUNSET
APRIL 18 2015.........SUNRISE   606 AM MDT   SUNSET   738 PM MDT
APRIL 19 2015.........SUNRISE   605 AM MDT   SUNSET   739 PM MDT


-  INDICATES NEGATIVE NUMBERS.
R  INDICATES RECORD WAS SET OR TIED.
MM INDICATES DATA IS MISSING.
T  INDICATES TRACE AMOUNT.




$$
