000
CDUS44 KLUB 250130
CLICDS


CLIMATE REPORT
NATIONAL WEATHER SERVICE LUBBOCK, TX
828 PM CDT FRI APR 24 2015


...................................

...THE CHILDRESS CLIMATE SUMMARY FOR APRIL 24 2015...
VALID TODAY AS OF 0800 PM LOCAL TIME.

CLIMATE NORMAL PERIOD 1981 TO 2010
CLIMATE RECORD PERIOD 1893 TO 2015


WEATHER ITEM   OBSERVED TIME   RECORD YEAR NORMAL DEPARTURE LAST
                VALUE   (LST)  VALUE       VALUE  FROM      YEAR
                                                  NORMAL
..................................................................
TEMPERATURE (F)
 TODAY
  MAXIMUM         82    525 PM 100    1996  79      3       78
  MINIMUM         60   1235 PM  26    2013  51      9       57
  AVERAGE         71                        65      6       68

PRECIPITATION (IN)
  TODAY            0.10          2.00 1919   0.09   0.01     0.00
  MONTH TO DATE    2.41                      1.60   0.81     1.51
  SINCE MAR 1      2.55                      3.13  -0.58     1.97
  SINCE JAN 1      3.72                      4.91  -1.19     2.33

SNOWFALL (IN)
  TODAY            0.0                       0.0    0.0      0.0
  MONTH TO DATE    0.0                       0.2   -0.2      0.0
  SINCE MAR 1      0.0                       0.6   -0.6       T
  SINCE JUL 1      2.0                       7.0   -5.0      9.5
  SNOW DEPTH       0

DEGREE DAYS
 HEATING
  TODAY            0                         3     -3        0
  MONTH TO DATE   72                       136    -64      131
  SINCE MAR 1    406                       511   -105      589
  SINCE JUL 1   2903                      3071   -168     3405

 COOLING
  TODAY            6                         3      3        3
  MONTH TO DATE   70                        50     20       56
  SINCE MAR 1     87                        68     19       66
  SINCE JAN 1     87                        69     18       66
..................................................................


WIND (MPH)
  RESULTANT WIND SPEED  15   RESULTANT WIND DIRECTION  SW (210)
  HIGHEST WIND SPEED    47   HIGHEST WIND DIRECTION    SW (240)
  HIGHEST GUST SPEED    56   HIGHEST GUST DIRECTION    SW (240)
  AVERAGE WIND SPEED    16.6


SKY COVER
  AVERAGE SKY COVER 0.3


WEATHER CONDITIONS
 THE FOLLOWING WEATHER WAS RECORDED TODAY.
  THUNDERSTORM
  LIGHT RAIN
  FOG
  FOG W/VISIBILITY <= 1/4 MILE
  HAZE


RELATIVE HUMIDITY (PERCENT)
 HIGHEST   100           100 AM
 LOWEST     15           600 PM
 AVERAGE    58

..........................................................


THE CHILDRESS CLIMATE NORMALS FOR TOMORROW
                         NORMAL    RECORD    YEAR
 MAXIMUM TEMPERATURE (F)   79       106      2012
 MINIMUM TEMPERATURE (F)   51        37      2013


SUNRISE AND SUNSET
APRIL 24 2015.........SUNRISE   659 AM CDT   SUNSET   820 PM CDT
APRIL 25 2015.........SUNRISE   658 AM CDT   SUNSET   821 PM CDT


-  INDICATES NEGATIVE NUMBERS.
R  INDICATES RECORD WAS SET OR TIED.
MM INDICATES DATA IS MISSING.
T  INDICATES TRACE AMOUNT.




$$
