000
CDUS44 KHGX 180747
CLICLL


CLIMATE REPORT
NATIONAL WEATHER SERVICE HOUSTON/GALVESTON TX
246 AM CDT SAT APR 18 2015


...................................

...THE COLLEGE STATION CLIMATE SUMMARY FOR APRIL 17 2015...

CLIMATE NORMAL PERIOD 1981 TO 2010
CLIMATE RECORD PERIOD 1902 TO 2015


WEATHER ITEM   OBSERVED TIME   RECORD YEAR NORMAL DEPARTURE LAST
                VALUE   (LST)  VALUE       VALUE  FROM      YEAR
                                                  NORMAL
..................................................................
TEMPERATURE (F)
 YESTERDAY
  MAXIMUM         80   1232 PM  93    2006  79      1       73
  MINIMUM         65    709 AM  36    1999  58      7       54
                                      1947
                                      1921
  AVERAGE         73                        69      4       64

PRECIPITATION (IN)
  YESTERDAY        0.38          2.94 2009   0.09   0.29     0.01
  MONTH TO DATE    2.01                      1.35   0.66     1.23
  SINCE MAR 1      7.84                      4.52   3.32     2.84
  SINCE JAN 1     15.25                     10.61   4.64     5.02

SNOWFALL (IN)
  YESTERDAY        0.0
  MONTH TO DATE    0.0
  SINCE JUL 1      T

DEGREE DAYS
 HEATING
  YESTERDAY        0                         1     -1        1
  MONTH TO DATE    7                        37    -30       59
  SINCE MAR 1    218                       209      9      328
  SINCE JUL 1   1759                      1596    163     2052

 COOLING
  YESTERDAY        8                         5      3        0
  MONTH TO DATE  113                        70     43       63
  SINCE MAR 1    159                       129     30       86
  SINCE JAN 1    160                       157      3      107
..................................................................


WIND (MPH)
  HIGHEST WIND SPEED    25   HIGHEST WIND DIRECTION     E (90)
  HIGHEST GUST SPEED    33   HIGHEST GUST DIRECTION     E (110)
  AVERAGE WIND SPEED     7.1


SKY COVER
  AVERAGE SKY COVER 0.9


WEATHER CONDITIONS
 THE FOLLOWING WEATHER WAS RECORDED YESTERDAY.
  THUNDERSTORM
  RAIN
  LIGHT RAIN
  FOG


RELATIVE HUMIDITY (PERCENT)
 HIGHEST    93          1200 AM
 LOWEST     62          1200 PM
 AVERAGE    78

..........................................................


THE COLLEGE STATION CLIMATE NORMALS FOR TODAY
                         NORMAL    RECORD    YEAR
 MAXIMUM TEMPERATURE (F)   79        94      2006
 MINIMUM TEMPERATURE (F)   59        42      1947


SUNRISE AND SUNSET
APRIL 18 2015.........SUNRISE   655 AM CDT   SUNSET   755 PM CDT
APRIL 19 2015.........SUNRISE   654 AM CDT   SUNSET   756 PM CDT


-  INDICATES NEGATIVE NUMBERS.
R  INDICATES RECORD WAS SET OR TIED.
MM INDICATES DATA IS MISSING.
T  INDICATES TRACE AMOUNT.




$$
