000
CDUS43 KILX 182138
CLICMI


CLIMATE REPORT
NATIONAL WEATHER SERVICE LINCOLN IL
436 PM CDT SAT APR 18 2015


...................................

...THE CHAMPAIGN IL AIRPORT CLIMATE SUMMARY FOR APRIL 18 2015...
VALID TODAY AS OF 0400 PM LOCAL TIME.

CLIMATE NORMAL PERIOD 1981 TO 2010
CLIMATE RECORD PERIOD 9999 TO 9999


WEATHER ITEM   OBSERVED TIME   RECORD YEAR NORMAL DEPARTURE LAST
                VALUE   (LST)  VALUE       VALUE  FROM      YEAR
                                                  NORMAL
..................................................................
TEMPERATURE (F)
 TODAY
  MAXIMUM         81    244 PM  MM      MM  65     16       69
  MINIMUM         52    457 AM  MM      MM  41     11       40
  AVERAGE         67                        53     14       55

PRECIPITATION (IN)
  TODAY            0.00         MM      MM   0.12  -0.12     0.00
  MONTH TO DATE    1.82                      2.17  -0.35     1.74
  SINCE MAR 1      2.92                      4.92  -2.00     3.13
  SINCE JAN 1      4.59                      8.99  -4.40     5.88

DEGREE DAYS
 HEATING
  TODAY            0                        13    -13       10
  MONTH TO DATE  147                       284   -137      277
  SINCE MAR 1   1015                      1040    -25     1200
  SINCE JUL 1   5891                      5542    349     6281

 COOLING
  TODAY            2                         0      2        0
  MONTH TO DATE    3                         0      3        3
  SINCE MAR 1      3                         1      2        3
  SINCE JAN 1      3                         1      2        3
..................................................................


WIND (MPH)
  HIGHEST WIND SPEED    20   HIGHEST WIND DIRECTION    SE (120)
  HIGHEST GUST SPEED    25   HIGHEST GUST DIRECTION    SE (130)
  AVERAGE WIND SPEED     6.5


SKY COVER
  POSSIBLE SUNSHINE  MM
  AVERAGE SKY COVER 0.0


WEATHER CONDITIONS
 THE FOLLOWING WEATHER WAS RECORDED TODAY.
  HAZE


RELATIVE HUMIDITY (PERCENT)
 HIGHEST    77           100 AM
 LOWEST     28           200 PM
 AVERAGE    53

..........................................................


THE CHAMPAIGN IL AIRPORT CLIMATE NORMALS FOR TOMORROW
                         NORMAL    RECORD    YEAR
 MAXIMUM TEMPERATURE (F)   65        MM        MM
 MINIMUM TEMPERATURE (F)   41        MM        MM


SUNRISE AND SUNSET
APRIL 18 2015.........SUNRISE   611 AM CDT   SUNSET   734 PM CDT
APRIL 19 2015.........SUNRISE   610 AM CDT   SUNSET   735 PM CDT


-  INDICATES NEGATIVE NUMBERS.
R  INDICATES RECORD WAS SET OR TIED.
MM INDICATES DATA IS MISSING.
T  INDICATES TRACE AMOUNT.




$$
