000
CDUS43 KTOP 060632
CLICNK


CLIMATE REPORT
NATIONAL WEATHER SERVICE TOPEKA KS
131 AM CDT WED MAY 6 2015


...................................

...THE CONCORDIA KS CLIMATE SUMMARY FOR MAY 5 2015...

CLIMATE NORMAL PERIOD 1981 TO 2010
CLIMATE RECORD PERIOD 1885 TO 2015


WEATHER ITEM   OBSERVED TIME   RECORD YEAR NORMAL DEPARTURE LAST
                VALUE   (LST)  VALUE       VALUE  FROM      YEAR
                                                  NORMAL
..................................................................
TEMPERATURE (F)
 YESTERDAY
  MAXIMUM         77    304 PM  97    1909  71      6       78
  MINIMUM         58    539 AM  32    1917  48     10       50
  AVERAGE         68                        60      8       64

PRECIPITATION (IN)
  YESTERDAY        0.24          2.14 2007   0.12   0.12     0.00
  MONTH TO DATE    0.54                      0.56  -0.02     0.00
  SINCE MAR 1      2.88                      5.02  -2.14     1.52
  SINCE JAN 1      4.40                      6.39  -1.99     2.71

SNOWFALL (IN)
  YESTERDAY        0.0           T    1953   0.0    0.0      0.0
  MONTH TO DATE    0.0                       0.0    0.0      0.0
  SINCE JAN 1      5.6                      13.7   -8.1     16.9
  SINCE JUL 1     11.7                      20.2   -8.5     23.2
  SNOW DEPTH       0

DEGREE DAYS
 HEATING
  YESTERDAY        0                         7     -7        1
  MONTH TO DATE    2                        36    -34       29
  SINCE MAR 1    838                      1093   -255     1174
  SINCE JUL 1   5045                      5300   -255     5656

 COOLING
  YESTERDAY        3                         1      2        0
  MONTH TO DATE   23                         5     18        1
  SINCE MAR 1     31                        22      9       26
  SINCE JAN 1     31                        22      9       26
..................................................................


WIND (MPH)
  HIGHEST WIND SPEED    25   HIGHEST WIND DIRECTION    SE (150)
  HIGHEST GUST SPEED    32   HIGHEST GUST DIRECTION    SE (140)
  AVERAGE WIND SPEED    13.5


SKY COVER
  AVERAGE SKY COVER 0.5


WEATHER CONDITIONS
 THE FOLLOWING WEATHER WAS RECORDED YESTERDAY.
  RAIN
  LIGHT RAIN
  FOG


RELATIVE HUMIDITY (PERCENT)
 HIGHEST   100           500 AM
 LOWEST     46           200 PM
 AVERAGE    73

..........................................................


THE CONCORDIA KS CLIMATE NORMALS FOR TODAY
                         NORMAL    RECORD    YEAR
 MAXIMUM TEMPERATURE (F)   71        94      1955
                                             1916
 MINIMUM TEMPERATURE (F)   49        29      1944


SUNRISE AND SUNSET
MAY  6 2015...........SUNRISE   626 AM CDT   SUNSET   829 PM CDT
MAY  7 2015...........SUNRISE   625 AM CDT   SUNSET   830 PM CDT


-  INDICATES NEGATIVE NUMBERS.
R  INDICATES RECORD WAS SET OR TIED.
MM INDICATES DATA IS MISSING.
T  INDICATES TRACE AMOUNT.




$$
