000
CDUS43 KLSX 250745
CLICOU


CLIMATE REPORT
NATIONAL WEATHER SERVICE ST LOUIS MO
245 AM CDT SAT APR 25 2015


...................................

...THE COLUMBIA ASOS CLIMATE SUMMARY FOR APRIL 24 2015...

CLIMATE NORMAL PERIOD 1981 TO 2010
CLIMATE RECORD PERIOD 1890 TO 2015


WEATHER ITEM   OBSERVED TIME   RECORD YEAR NORMAL DEPARTURE LAST
                VALUE   (LST)  VALUE       VALUE  FROM      YEAR
                                                  NORMAL
..................................................................
TEMPERATURE (F)
 YESTERDAY
  MAXIMUM         66    115 PM  88    1965  69     -3       77
  MINIMUM         49   1237 AM  27    1910  47      2       51
  AVERAGE         58                        58      0       64

PRECIPITATION (IN)
  YESTERDAY        0.00          2.84 2010   0.18  -0.18     0.46
  MONTH TO DATE    3.03                      3.47  -0.44     7.52
  SINCE MAR 1      4.57                      6.38  -1.81     8.75
  SINCE JAN 1      6.92                     10.55  -3.63    11.01

SNOWFALL (IN)
  YESTERDAY        0.0           T    2013   0.0    0.0      0.0
                                      1961
  MONTH TO DATE    0.0                       0.2   -0.2       T
  SINCE MAR 1      1.6                       1.9   -0.3      0.5
  SINCE JUL 1     12.0                      18.0   -6.0     17.8
  SNOW DEPTH       0

DEGREE DAYS
 HEATING
  YESTERDAY        7                         8     -1        1
  MONTH TO DATE  172                       276   -104      261
  SINCE MAR 1    757                       912   -155      991
  SINCE JUL 1   4812                      4858    -46     5420

 COOLING
  YESTERDAY        0                         1     -1        0
  MONTH TO DATE   15                        17     -2        9
  SINCE MAR 1     15                        20     -5        9
  SINCE JAN 1     15                        20     -5        9
..................................................................


WIND (MPH)
  HIGHEST WIND SPEED    26   HIGHEST WIND DIRECTION     S (160)
  HIGHEST GUST SPEED    35   HIGHEST GUST DIRECTION     S (170)
  AVERAGE WIND SPEED    12.9


SKY COVER
  AVERAGE SKY COVER 0.7


WEATHER CONDITIONS
 THE FOLLOWING WEATHER WAS RECORDED YESTERDAY.
  NO SIGNIFICANT WEATHER WAS OBSERVED.


RELATIVE HUMIDITY (PERCENT)
 HIGHEST    86
 LOWEST     40
 AVERAGE    63

..........................................................


THE COLUMBIA ASOS CLIMATE NORMALS FOR TODAY
                         NORMAL    RECORD    YEAR
 MAXIMUM TEMPERATURE (F)   69        89      1986
 MINIMUM TEMPERATURE (F)   47        32      1934
                                             1910


SUNRISE AND SUNSET
APRIL 25 2015.........SUNRISE   619 AM CDT   SUNSET   755 PM CDT
APRIL 26 2015.........SUNRISE   618 AM CDT   SUNSET   756 PM CDT


-  INDICATES NEGATIVE NUMBERS.
R  INDICATES RECORD WAS SET OR TIED.
MM INDICATES DATA IS MISSING.
T  INDICATES TRACE AMOUNT.




$$
