000
CDUS46 KLOX 190903
CLICQT


CLIMATE REPORT
NATIONAL WEATHER SERVICE LOS ANGELES/OXNARD CA
202 AM PDT SUN APR 19 2015


...................................

...THE DOWNTOWN LOS ANGELES (USC) CA CLIMATE SUMMARY FOR APRIL 18 2015...

CLIMATE NORMAL PERIOD 1981 TO 2010
CLIMATE RECORD PERIOD 1877 TO 2015


WEATHER ITEM   OBSERVED TIME   RECORD YEAR NORMAL DEPARTURE LAST
                VALUE   (LST)  VALUE       VALUE  FROM      YEAR
                                                  NORMAL
..................................................................
TEMPERATURE (F)
 YESTERDAY
  MAXIMUM         81   1103 AM  91    1939  73      8       73
  MINIMUM         56    527 AM  40    1882  54      2       61
  AVERAGE         69                        63      6       67

PRECIPITATION (IN)
  YESTERDAY        0.00          1.27 1983   0.03  -0.03     0.00
  MONTH TO DATE    0.13                      0.63  -0.50     0.29
  SINCE OCT 1      7.53                     14.01  -6.48     5.93
  SINCE JAN 1      2.92                      9.98  -7.06     5.05

SNOWFALL (IN)
  YESTERDAY        0.0
  MONTH TO DATE    0.0
  SINCE MAR 1      0.0
  SINCE JUL 1      0.0

DEGREE DAYS
 HEATING
  YESTERDAY        0                         3     -3        0
  MONTH TO DATE   21                        66    -45       40
  SINCE MAR 1     50                       223   -173      103
  SINCE JUL 1    413                       998   -585      580

 COOLING
  YESTERDAY        4                         2      2        2
  MONTH TO DATE   35                        19     16       26
  SINCE MAR 1    172                        39    133       55
  SINCE JAN 1    229                        62    167       78
..................................................................


WIND (MPH)
  HIGHEST WIND SPEED     9   HIGHEST WIND DIRECTION     W (280)
  HIGHEST GUST SPEED    16   HIGHEST GUST DIRECTION     W (280)
  AVERAGE WIND SPEED     2.3


SKY COVER
  POSSIBLE SUNSHINE  MM
  AVERAGE SKY COVER 0.0


WEATHER CONDITIONS
 THE FOLLOWING WEATHER WAS RECORDED YESTERDAY.
  NO SIGNIFICANT WEATHER WAS OBSERVED.


RELATIVE HUMIDITY (PERCENT)
 HIGHEST    72           900 PM
 LOWEST     26          1100 AM
 AVERAGE    49

..........................................................


THE DOWNTOWN LOS ANGELES (USC) CA CLIMATE NORMALS FOR TODAY
                         NORMAL    RECORD    YEAR
 MAXIMUM TEMPERATURE (F)   73        94      2009
 MINIMUM TEMPERATURE (F)   54        40      1880


SUNRISE AND SUNSET
APRIL 19 2015.........SUNRISE   618 AM PDT   SUNSET   728 PM PDT
APRIL 20 2015.........SUNRISE   616 AM PDT   SUNSET   728 PM PDT


-  INDICATES NEGATIVE NUMBERS.
R  INDICATES RECORD WAS SET OR TIED.
MM INDICATES DATA IS MISSING.
T  INDICATES TRACE AMOUNT.




$$
