000
CDUS41 KRLX 252124
CLICRW


CLIMATE REPORT
NATIONAL WEATHER SERVICE CHARLESTON WV
524 PM EDT SAT APR 25 2015


...................................

...THE CHARLESTON WV CLIMATE SUMMARY FOR APRIL 25 2015...
VALID TODAY AS OF 0500 PM LOCAL TIME.

CLIMATE NORMAL PERIOD 1981 TO 2010
CLIMATE RECORD PERIOD 1901 TO 2015


WEATHER ITEM   OBSERVED TIME   RECORD YEAR NORMAL DEPARTURE LAST
                VALUE   (LST)  VALUE       VALUE  FROM      YEAR
                                                  NORMAL
..................................................................
TEMPERATURE (F)
 TODAY
  MAXIMUM         50   1052 AM  96    1925  71    -21       67
  MINIMUM         42    557 AM  28    1927  47     -5       49
  AVERAGE         46                        59    -13       58

PRECIPITATION (IN)
  TODAY            0.49          1.00 1904   0.12   0.37     0.61
  MONTH TO DATE    5.83                      2.65   3.18     2.10
  SINCE MAR 1     11.60                      6.56   5.04     5.80
  SINCE JAN 1     16.80                     12.75   4.05    12.86

DEGREE DAYS
 HEATING
  TODAY           19                         7     12        7
  MONTH TO DATE  199                       261    -62      193
  SINCE MAR 1    812                       861    -49      911
  SINCE JUL 1   4717                      4315    402     4678

 COOLING
  TODAY            0                         1     -1        0
  MONTH TO DATE   15                        24     -9       15
  SINCE MAR 1     15                        29    -14       15
  SINCE JAN 1     15                        29    -14       15
..................................................................


WIND (MPH)
  HIGHEST WIND SPEED    12   HIGHEST WIND DIRECTION     E (80)
  HIGHEST GUST SPEED    15   HIGHEST GUST DIRECTION     E (70)
  AVERAGE WIND SPEED     3.4


SKY COVER
  POSSIBLE SUNSHINE  MM
  AVERAGE SKY COVER 0.9


WEATHER CONDITIONS
 THE FOLLOWING WEATHER WAS RECORDED TODAY.
  RAIN
  LIGHT RAIN
  FOG


RELATIVE HUMIDITY (PERCENT)
 HIGHEST    93           100 PM
 LOWEST     62          1200 AM
 AVERAGE    78

..........................................................


THE CHARLESTON WV CLIMATE NORMALS FOR TOMORROW
                         NORMAL    RECORD    YEAR
 MAXIMUM TEMPERATURE (F)   71        95      1915
 MINIMUM TEMPERATURE (F)   47        29      1927


SUNRISE AND SUNSET
APRIL 25 2015.........SUNRISE   637 AM EDT   SUNSET   812 PM EDT
APRIL 26 2015.........SUNRISE   636 AM EDT   SUNSET   813 PM EDT


-  INDICATES NEGATIVE NUMBERS.
R  INDICATES RECORD WAS SET OR TIED.
MM INDICATES DATA IS MISSING.
T  INDICATES TRACE AMOUNT.




$$
