000
CDUS42 KCAE 190636
CLICUB


CLIMATE REPORT
NATIONAL WEATHER SERVICE COLUMBIA SC
236 AM EDT SUN APR 19 2015


...................................

...THE HAMILTON - OWENS AIRPORT SC CLIMATE SUMMARY FOR APRIL 18 2015...

CLIMATE NORMAL PERIOD 1981 TO 2010
CLIMATE RECORD PERIOD 9999 TO 9999


WEATHER ITEM   OBSERVED TIME   NORMAL DEPARTURE LAST
                VALUE   (LST)  VALUE  FROM      YEAR
                                      NORMAL
......................................................
TEMPERATURE (F)
 YESTERDAY
  MAXIMUM         75    133 PM  77     -2       61
  MINIMUM         66    709 AM  53     13       51
  AVERAGE         71            65      6       56

PRECIPITATION (IN)
  YESTERDAY        0.02          0.09  -0.07     1.25
  MONTH TO DATE    1.39          1.71  -0.32     2.09
  SINCE MAR 1      4.03          5.59  -1.56     5.98
  SINCE JAN 1     11.95         12.87  -0.92    12.36

DEGREE DAYS
 HEATING
  YESTERDAY        0             3     -3        9
  MONTH TO DATE   21            74    -53       61
  SINCE MAR 1    229           348   -119      453
  SINCE JUL 1   2355          2277     78     2445

 COOLING
  YESTERDAY        6             3      3        0
  MONTH TO DATE   94            41     53       39
  SINCE MAR 1    115            56     59       41
  SINCE JAN 1    115            59     56       47
......................................................


WIND (MPH)
  HIGHEST WIND SPEED     9   HIGHEST WIND DIRECTION     S (180)
  HIGHEST GUST SPEED    12   HIGHEST GUST DIRECTION     S (170)
  AVERAGE WIND SPEED     1.1


SKY COVER
  AVERAGE SKY COVER 1.0


WEATHER CONDITIONS
 THE FOLLOWING WEATHER WAS RECORDED YESTERDAY.
  LIGHT RAIN
  FOG


RELATIVE HUMIDITY (PERCENT)
 HIGHEST    93          1200 AM
 LOWEST     73           100 PM

..........................................................


THE HAMILTON - OWENS AIRPORT SC CLIMATE NORMALS FOR TODAY
                         NORMAL    RECORD    YEAR
 MAXIMUM TEMPERATURE (F)   77        MM        MM
 MINIMUM TEMPERATURE (F)   53        MM        MM


SUNRISE AND SUNSET
APRIL 19 2015.........SUNRISE   649 AM EDT   SUNSET   758 PM EDT
APRIL 20 2015.........SUNRISE   647 AM EDT   SUNSET   759 PM EDT


-  INDICATES NEGATIVE NUMBERS.
R  INDICATES RECORD WAS SET OR TIED.
MM INDICATES DATA IS MISSING.
T  INDICATES TRACE AMOUNT.




$$
