000
CDUS45 KCYS 270731
CLICYS


CLIMATE REPORT
NATIONAL WEATHER SERVICE CHEYENNE WY
131 AM MDT MON APR 27 2015


...................................

...THE CHEYENNE WYOMING AIRPORT CLIMATE SUMMARY FOR APRIL 26 2015...

CLIMATE NORMAL PERIOD 1981 TO 2010
CLIMATE RECORD PERIOD 1871 TO 2015


WEATHER ITEM   OBSERVED TIME   RECORD YEAR NORMAL DEPARTURE LAST
                VALUE   (LST)  VALUE       VALUE  FROM      YEAR
                                                  NORMAL
..................................................................
TEMPERATURE (F)
 YESTERDAY
  MAXIMUM         44   1220 PM  82    1981  58    -14       69
  MINIMUM         33   1159 PM  12    1924  34     -1       39
  AVERAGE         39                        46     -7       54

PRECIPITATION (IN)
  YESTERDAY        0.37          0.91 1976   0.06   0.31     0.02
  MONTH TO DATE    2.64                      1.50   1.14     0.66
  SINCE JAN 1      3.51                      3.35   0.16     3.72

SNOWFALL (IN)
  YESTERDAY        1.3           6.4  1885   0.2    1.1      0.0
  MONTH TO DATE   14.8                       9.3    5.5      6.1
  SINCE JUL 1     49.5                      57.1   -7.6     77.6
  SNOW DEPTH       1

DEGREE DAYS
 HEATING
  YESTERDAY       26                        19      7       11
  MONTH TO DATE  567                       592    -25      523
  SINCE MAR 1   1275                      1493   -218     1396
  SINCE JUL 1   5921                      6512   -591     6600

 COOLING
  YESTERDAY        0                         0      0        0
  MONTH TO DATE    0                         0      0        0
  SINCE MAR 1      0                         0      0        0
  SINCE JAN 1      0                         0      0        0
..................................................................


WIND (MPH)
  HIGHEST WIND SPEED    18   HIGHEST WIND DIRECTION    SE (140)
  HIGHEST GUST SPEED    23   HIGHEST GUST DIRECTION    SE (150)
  AVERAGE WIND SPEED    11.0


SKY COVER
  AVERAGE SKY COVER 0.9


WEATHER CONDITIONS
 THE FOLLOWING WEATHER WAS RECORDED YESTERDAY.
  RAIN
  LIGHT RAIN
  LIGHT SNOW
  FOG
  FOG W/VISIBILITY <= 1/4 MILE


RELATIVE HUMIDITY (PERCENT)
 HIGHEST   100           700 PM
 LOWEST     89           200 AM
 AVERAGE    95

..........................................................


THE CHEYENNE WYOMING AIRPORT CLIMATE NORMALS FOR TODAY
                         NORMAL    RECORD    YEAR
 MAXIMUM TEMPERATURE (F)   59        80      1910
 MINIMUM TEMPERATURE (F)   34        16      1984


SUNRISE AND SUNSET
APRIL 27 2015.........SUNRISE   603 AM MDT   SUNSET   752 PM MDT
APRIL 28 2015.........SUNRISE   601 AM MDT   SUNSET   753 PM MDT


-  INDICATES NEGATIVE NUMBERS.
R  INDICATES RECORD WAS SET OR TIED.
MM INDICATES DATA IS MISSING.
T  INDICATES TRACE AMOUNT.




$$
